Last updated on 2025-02-16 08:51:00 CET.
Flavor | Version | Tinstall | Tcheck | Ttotal | Status | Flags |
---|---|---|---|---|---|---|
r-devel-linux-x86_64-debian-clang | 1.0 | 18.09 | 143.78 | 161.87 | NOTE | |
r-devel-linux-x86_64-debian-gcc | 1.0 | 12.13 | 96.60 | 108.73 | NOTE | |
r-devel-linux-x86_64-fedora-clang | 1.0 | 256.85 | NOTE | |||
r-devel-linux-x86_64-fedora-gcc | 1.0 | 232.18 | NOTE | |||
r-devel-macos-arm64 | 1.0 | 64.00 | OK | |||
r-devel-macos-x86_64 | 1.0 | 119.00 | OK | |||
r-devel-windows-x86_64 | 1.0 | 19.00 | 143.00 | 162.00 | OK | |
r-patched-linux-x86_64 | 1.0 | 16.25 | 130.21 | 146.46 | NOTE | |
r-release-linux-x86_64 | 1.0 | 14.97 | 130.77 | 145.74 | NOTE | |
r-release-macos-arm64 | 1.0 | 64.00 | OK | |||
r-release-macos-x86_64 | 1.0 | 100.00 | OK | |||
r-release-windows-x86_64 | 1.0 | 18.00 | 141.00 | 159.00 | OK | |
r-oldrel-macos-arm64 | 1.0 | 76.00 | OK | |||
r-oldrel-macos-x86_64 | 1.0 | 114.00 | OK | |||
r-oldrel-windows-x86_64 | 1.0 | 23.00 | 168.00 | 191.00 | OK |
Version: 1.0
Check: for non-standard things in the check directory
Result: NOTE
Found the following files/directories:
‘untitled_consensus_cluster’
Flavors: r-devel-linux-x86_64-debian-clang, r-devel-linux-x86_64-debian-gcc, r-devel-linux-x86_64-fedora-clang, r-devel-linux-x86_64-fedora-gcc, r-patched-linux-x86_64, r-release-linux-x86_64
These binaries (installable software) and packages are in development.
They may not be fully stable and should be used with caution. We make no claims about them.