Last updated on 2025-05-01 08:52:45 CEST.
Flavor | Version | Tinstall | Tcheck | Ttotal | Status | Flags |
---|---|---|---|---|---|---|
r-devel-linux-x86_64-debian-clang | 1.0 | 19.35 | 149.72 | 169.07 | NOTE | |
r-devel-linux-x86_64-debian-gcc | 1.0 | 12.46 | 105.77 | 118.23 | NOTE | |
r-devel-linux-x86_64-fedora-clang | 1.0 | 266.03 | NOTE | |||
r-devel-linux-x86_64-fedora-gcc | 1.0 | 235.73 | NOTE | |||
r-devel-windows-x86_64 | 1.0 | 19.00 | 152.00 | 171.00 | OK | |
r-patched-linux-x86_64 | 1.0 | 18.64 | 138.62 | 157.26 | NOTE | |
r-release-linux-x86_64 | NOTE | |||||
r-release-macos-arm64 | 1.0 | 69.00 | OK | |||
r-release-macos-x86_64 | 1.0 | 119.00 | OK | |||
r-release-windows-x86_64 | 1.0 | 20.00 | 155.00 | 175.00 | OK | |
r-oldrel-macos-arm64 | 1.0 | 64.00 | OK | |||
r-oldrel-macos-x86_64 | 1.0 | 100.00 | OK | |||
r-oldrel-windows-x86_64 | 1.0 | 24.00 | 181.00 | 205.00 | OK |
Version: 1.0
Check: CRAN incoming feasibility
Result: NOTE
Maintainer: ‘Qian Yang <bioqianyang@163.com>’
No Authors@R field in DESCRIPTION.
Please add one, modifying
Authors@R: person(given = "Qian",
family = "Yang",
role = c("aut", "cre"),
email = "bioqianyang@163.com")
as necessary.
Flavors: r-devel-linux-x86_64-debian-clang, r-devel-linux-x86_64-debian-gcc
Version: 1.0
Check: for non-standard things in the check directory
Result: NOTE
Found the following files/directories:
‘untitled_consensus_cluster’
Flavors: r-devel-linux-x86_64-debian-clang, r-devel-linux-x86_64-debian-gcc, r-devel-linux-x86_64-fedora-clang, r-devel-linux-x86_64-fedora-gcc, r-patched-linux-x86_64, r-release-linux-x86_64
These binaries (installable software) and packages are in development.
They may not be fully stable and should be used with caution. We make no claims about them.