Last updated on 2025-10-24 13:49:49 CEST.
| Flavor | Version | Tinstall | Tcheck | Ttotal | Status | Flags |
|---|---|---|---|---|---|---|
| r-devel-linux-x86_64-debian-clang | 1.0 | 18.80 | 161.72 | 180.52 | NOTE | |
| r-devel-linux-x86_64-debian-gcc | 1.0 | 13.61 | 110.67 | 124.28 | NOTE | |
| r-devel-linux-x86_64-fedora-clang | 1.0 | 152.00 | 149.31 | 301.31 | NOTE | |
| r-devel-linux-x86_64-fedora-gcc | 1.0 | 89.00 | 191.72 | 280.72 | NOTE | |
| r-devel-windows-x86_64 | 1.0 | 21.00 | 152.00 | 173.00 | OK | |
| r-patched-linux-x86_64 | 1.0 | 16.76 | 151.85 | 168.61 | NOTE | |
| r-release-linux-x86_64 | 1.0 | 18.94 | 156.58 | 175.52 | NOTE | |
| r-release-macos-arm64 | 1.0 | 8.00 | 61.00 | 69.00 | OK | |
| r-release-macos-x86_64 | 1.0 | 14.00 | 105.00 | 119.00 | OK | |
| r-release-windows-x86_64 | 1.0 | 21.00 | 150.00 | 171.00 | OK | |
| r-oldrel-macos-arm64 | 1.0 | 8.00 | 56.00 | 64.00 | OK | |
| r-oldrel-macos-x86_64 | 1.0 | 12.00 | 88.00 | 100.00 | OK | |
| r-oldrel-windows-x86_64 | 1.0 | 27.00 | 198.00 | 225.00 | OK |
Version: 1.0
Check: CRAN incoming feasibility
Result: NOTE
Maintainer: ‘Qian Yang <bioqianyang@163.com>’
No Authors@R field in DESCRIPTION.
Please add one, modifying
Authors@R: person(given = "Qian",
family = "Yang",
role = c("aut", "cre"),
email = "bioqianyang@163.com")
as necessary.
Flavors: r-devel-linux-x86_64-debian-clang, r-devel-linux-x86_64-debian-gcc
Version: 1.0
Check: for non-standard things in the check directory
Result: NOTE
Found the following files/directories:
‘untitled_consensus_cluster’
Flavors: r-devel-linux-x86_64-debian-clang, r-devel-linux-x86_64-debian-gcc, r-devel-linux-x86_64-fedora-clang, r-devel-linux-x86_64-fedora-gcc, r-patched-linux-x86_64, r-release-linux-x86_64
These binaries (installable software) and packages are in development.
They may not be fully stable and should be used with caution. We make no claims about them.