CRAN Package Check Results for Package scTenifoldKnk

Last updated on 2025-07-25 01:49:39 CEST.

Flavor Version Tinstall Tcheck Ttotal Status Flags
r-devel-linux-x86_64-debian-clang 1.0.1 6.10 57.98 64.08 OK
r-devel-linux-x86_64-debian-gcc 1.0.1 4.85 45.26 50.11 OK
r-devel-linux-x86_64-fedora-clang 1.0.1 103.64 NOTE
r-devel-linux-x86_64-fedora-gcc 1.0.1 96.27 NOTE
r-devel-windows-x86_64 1.0.1 8.00 75.00 83.00 OK
r-patched-linux-x86_64 1.0.1 5.73 57.12 62.85 OK
r-release-linux-x86_64 1.0.1 5.75 56.85 62.60 OK
r-release-macos-arm64 1.0.1 37.00 OK
r-release-macos-x86_64 1.0.1 78.00 OK
r-release-windows-x86_64 1.0.1 9.00 79.00 88.00 OK
r-oldrel-macos-arm64 1.0.1 38.00 NOTE
r-oldrel-macos-x86_64 1.0.1 48.00 NOTE
r-oldrel-windows-x86_64 1.0.1 11.00 85.00 96.00 NOTE

Check Details

Version: 1.0.1
Check: dependencies in R code
Result: NOTE Namespaces in Imports field not imported from: ‘methods’ ‘pbapply’ ‘utils’ All declared Imports should be used. Flavors: r-devel-linux-x86_64-fedora-clang, r-devel-linux-x86_64-fedora-gcc

Version: 1.0.1
Check: LazyData
Result: NOTE 'LazyData' is specified without a 'data' directory Flavors: r-oldrel-macos-arm64, r-oldrel-macos-x86_64, r-oldrel-windows-x86_64

These binaries (installable software) and packages are in development.
They may not be fully stable and should be used with caution. We make no claims about them.