Last updated on 2025-10-23 21:51:40 CEST.
Flavor | Version | Tinstall | Tcheck | Ttotal | Status | Flags |
---|---|---|---|---|---|---|
r-devel-linux-x86_64-debian-clang | 1.0.1 | 7.05 | 60.64 | 67.69 | OK | |
r-devel-linux-x86_64-debian-gcc | 1.0.1 | 4.93 | 45.80 | 50.73 | OK | |
r-devel-linux-x86_64-fedora-clang | 1.0.1 | 13.00 | 87.92 | 100.92 | NOTE | |
r-devel-linux-x86_64-fedora-gcc | 1.0.1 | 16.00 | 82.39 | 98.39 | NOTE | |
r-devel-windows-x86_64 | 1.0.1 | 8.00 | 68.00 | 76.00 | OK | |
r-patched-linux-x86_64 | 1.0.1 | 5.51 | 58.11 | 63.62 | OK | |
r-release-linux-x86_64 | 1.0.1 | 6.18 | 57.88 | 64.06 | OK | |
r-release-macos-arm64 | 1.0.1 | 3.00 | 34.00 | 37.00 | OK | |
r-release-macos-x86_64 | 1.0.1 | 7.00 | 71.00 | 78.00 | OK | |
r-release-windows-x86_64 | 1.0.1 | 9.00 | 70.00 | 79.00 | OK | |
r-oldrel-macos-arm64 | 1.0.1 | 3.00 | 35.00 | 38.00 | NOTE | |
r-oldrel-macos-x86_64 | 1.0.1 | 5.00 | 43.00 | 48.00 | NOTE | |
r-oldrel-windows-x86_64 | 1.0.1 | 10.00 | 87.00 | 97.00 | NOTE |
Version: 1.0.1
Check: dependencies in R code
Result: NOTE
Namespaces in Imports field not imported from:
‘methods’ ‘pbapply’ ‘utils’
All declared Imports should be used.
Flavors: r-devel-linux-x86_64-fedora-clang, r-devel-linux-x86_64-fedora-gcc
Version: 1.0.1
Check: LazyData
Result: NOTE
'LazyData' is specified without a 'data' directory
Flavors: r-oldrel-macos-arm64, r-oldrel-macos-x86_64, r-oldrel-windows-x86_64
These binaries (installable software) and packages are in development.
They may not be fully stable and should be used with caution. We make no claims about them.