Last updated on 2025-10-24 05:50:55 CEST.
| Flavor | Version | Tinstall | Tcheck | Ttotal | Status | Flags |
|---|---|---|---|---|---|---|
| r-devel-linux-x86_64-debian-clang | 1.3 | 6.38 | 74.82 | 81.20 | NOTE | |
| r-devel-linux-x86_64-debian-gcc | 1.3 | 5.21 | 60.15 | 65.36 | NOTE | |
| r-devel-linux-x86_64-fedora-clang | 1.3 | 15.00 | 109.40 | 124.40 | OK | |
| r-devel-linux-x86_64-fedora-gcc | 1.3 | 16.00 | 106.60 | 122.60 | OK | |
| r-devel-windows-x86_64 | 1.3 | 7.00 | 86.00 | 93.00 | OK | |
| r-patched-linux-x86_64 | 1.3 | 5.58 | 74.51 | 80.09 | OK | |
| r-release-linux-x86_64 | 1.3 | 5.91 | 75.37 | 81.28 | OK | |
| r-release-macos-arm64 | 1.3 | 3.00 | 46.00 | 49.00 | OK | |
| r-release-macos-x86_64 | 1.3 | 6.00 | 76.00 | 82.00 | OK | |
| r-release-windows-x86_64 | 1.3 | 8.00 | 87.00 | 95.00 | OK | |
| r-oldrel-macos-arm64 | 1.3 | 3.00 | 43.00 | 46.00 | OK | |
| r-oldrel-macos-x86_64 | 1.3 | 6.00 | 61.00 | 67.00 | OK | |
| r-oldrel-windows-x86_64 | 1.3 | 10.00 | 106.00 | 116.00 | OK |
Version: 1.3
Check: CRAN incoming feasibility
Result: NOTE
Maintainer: ‘Daniel Osorio <dcosorioh@utexas.edu>’
Package CITATION file contains call(s) to old-style personList() or
as.personList(). Please use c() on person objects instead.
Package CITATION file contains call(s) to old-style citEntry(). Please
use bibentry() instead.
Flavors: r-devel-linux-x86_64-debian-clang, r-devel-linux-x86_64-debian-gcc
These binaries (installable software) and packages are in development.
They may not be fully stable and should be used with caution. We make no claims about them.