CRAN Package Check Results for Package scaRabee

Last updated on 2025-10-09 23:51:25 CEST.

Flavor Version Tinstall Tcheck Ttotal Status Flags
r-devel-linux-x86_64-debian-clang 1.1-4 10.59 85.61 96.20 NOTE
r-devel-linux-x86_64-debian-gcc 1.1-4 7.60 61.15 68.75 NOTE
r-devel-linux-x86_64-fedora-clang 1.1-4 147.19 NOTE
r-devel-linux-x86_64-fedora-gcc 1.1-4 151.60 NOTE
r-devel-windows-x86_64 1.1-4 12.00 97.00 109.00 NOTE
r-patched-linux-x86_64 1.1-4 11.10 80.87 91.97 NOTE
r-release-linux-x86_64 1.1-4 8.45 80.72 89.17 NOTE
r-release-macos-arm64 1.1-4 50.00 NOTE
r-release-macos-x86_64 1.1-4 93.00 NOTE
r-release-windows-x86_64 1.1-4 12.00 98.00 110.00 NOTE
r-oldrel-macos-arm64 1.1-4 48.00 NOTE
r-oldrel-macos-x86_64 1.1-4 74.00 NOTE
r-oldrel-windows-x86_64 1.1-4 16.00 121.00 137.00 NOTE

Check Details

Version: 1.1-4
Check: Rd files
Result: NOTE checkRd: (-1) get.events.Rd:51: Lost braces 51 | code{\link[deSolve]{events}} | ^ Flavors: r-devel-linux-x86_64-debian-clang, r-devel-linux-x86_64-debian-gcc, r-devel-linux-x86_64-fedora-clang, r-devel-linux-x86_64-fedora-gcc, r-devel-windows-x86_64, r-patched-linux-x86_64, r-release-linux-x86_64, r-release-macos-arm64, r-release-macos-x86_64, r-release-windows-x86_64, r-oldrel-macos-arm64, r-oldrel-macos-x86_64, r-oldrel-windows-x86_64

These binaries (installable software) and packages are in development.
They may not be fully stable and should be used with caution. We make no claims about them.