CRAN Package Check Results for Package scaffolder

Last updated on 2025-02-16 08:51:00 CET.

Flavor Version Tinstall Tcheck Ttotal Status Flags
r-devel-linux-x86_64-debian-clang 0.0.1 6.92 64.60 71.52 NOTE
r-devel-linux-x86_64-debian-gcc 0.0.1 4.85 47.11 51.96 NOTE
r-devel-linux-x86_64-fedora-clang 0.0.1 116.00 OK
r-devel-linux-x86_64-fedora-gcc 0.0.1 120.80 OK
r-devel-macos-arm64 0.0.1 43.00 OK
r-devel-macos-x86_64 0.0.1 85.00 OK
r-devel-windows-x86_64 0.0.1 8.00 75.00 83.00 NOTE
r-patched-linux-x86_64 0.0.1 8.30 60.74 69.04 NOTE
r-release-linux-x86_64 0.0.1 6.43 61.63 68.06 NOTE
r-release-macos-arm64 0.0.1 41.00 NOTE
r-release-macos-x86_64 0.0.1 74.00 NOTE
r-release-windows-x86_64 0.0.1 8.00 75.00 83.00 NOTE
r-oldrel-macos-arm64 0.0.1 42.00 NOTE
r-oldrel-macos-x86_64 0.0.1 67.00 NOTE
r-oldrel-windows-x86_64 0.0.1 11.00 90.00 101.00 NOTE

Additional issues

donttest

Check Details

Version: 0.0.1
Check: Rd cross-references
Result: NOTE Found the following Rd file(s) with Rd \link{} targets missing package anchors: custom_scaffold_py_function_wrapper.Rd: py_function_docs Please provide package anchors for all Rd \link{} targets not in the package itself and the base packages. Flavors: r-devel-linux-x86_64-debian-clang, r-devel-linux-x86_64-debian-gcc, r-devel-windows-x86_64

Version: 0.0.1
Check: LazyData
Result: NOTE 'LazyData' is specified without a 'data' directory Flavors: r-patched-linux-x86_64, r-release-linux-x86_64, r-release-macos-arm64, r-release-macos-x86_64, r-release-windows-x86_64, r-oldrel-macos-arm64, r-oldrel-macos-x86_64, r-oldrel-windows-x86_64

These binaries (installable software) and packages are in development.
They may not be fully stable and should be used with caution. We make no claims about them.