CRAN Package Check Results for Package scalablebayesm

Last updated on 2025-07-21 15:51:14 CEST.

Flavor Version Tinstall Tcheck Ttotal Status Flags
r-devel-linux-x86_64-debian-clang 0.2 125.23 82.31 207.54 OK
r-devel-linux-x86_64-debian-gcc 0.2 94.81 51.04 145.85 OK
r-devel-linux-x86_64-fedora-clang 0.2 380.32 OK
r-devel-linux-x86_64-fedora-gcc 0.2 321.70 OK
r-devel-windows-x86_64 0.2 139.00 82.00 221.00 OK
r-patched-linux-x86_64 0.2 131.53 57.15 188.68 OK
r-release-linux-x86_64 0.2 126.08 57.77 183.85 OK
r-release-macos-arm64 0.2 74.00 OK
r-release-macos-x86_64 0.2 93.00 OK
r-release-windows-x86_64 0.2 140.00 84.00 224.00 OK
r-oldrel-macos-arm64 0.2 70.00 NOTE
r-oldrel-macos-x86_64 0.2 86.00 NOTE
r-oldrel-windows-x86_64 0.2 170.00 104.00 274.00 OK

Check Details

Version: 0.2
Check: installed package size
Result: NOTE installed size is 8.8Mb sub-directories of 1Mb or more: libs 8.6Mb Flavors: r-oldrel-macos-arm64, r-oldrel-macos-x86_64

These binaries (installable software) and packages are in development.
They may not be fully stable and should be used with caution. We make no claims about them.