Last updated on 2024-07-27 15:50:33 CEST.
Flavor | Version | Tinstall | Tcheck | Ttotal | Status | Flags |
---|---|---|---|---|---|---|
r-devel-linux-x86_64-debian-clang | 1.0-1 | 8.74 | 111.39 | 120.13 | OK | |
r-devel-linux-x86_64-debian-gcc | 1.0-1 | OK | ||||
r-devel-linux-x86_64-fedora-clang | 1.0-1 | 146.67 | NOTE | |||
r-devel-linux-x86_64-fedora-gcc | 1.0-1 | 150.02 | NOTE | |||
r-devel-windows-x86_64 | 1.0-1 | 7.00 | 100.00 | 107.00 | OK | |
r-patched-linux-x86_64 | 1.0-1 | OK | ||||
r-release-linux-x86_64 | 1.0-1 | 8.82 | 102.26 | 111.08 | OK | |
r-release-macos-arm64 | 1.0-1 | 39.00 | OK | |||
r-release-macos-x86_64 | 1.0-1 | 70.00 | OK | |||
r-release-windows-x86_64 | 1.0-1 | 8.00 | 102.00 | 110.00 | OK | |
r-oldrel-macos-arm64 | 1.0-1 | 53.00 | OK | |||
r-oldrel-macos-x86_64 | 1.0-1 | 93.00 | OK | |||
r-oldrel-windows-x86_64 | 1.0-1 | 8.00 | 112.00 | 120.00 | OK |
Version: 1.0-1
Check: dependencies in R code
Result: NOTE
Namespace in Imports field not imported from: ‘pvclust’
All declared Imports should be used.
Flavors: r-devel-linux-x86_64-fedora-clang, r-devel-linux-x86_64-fedora-gcc
These binaries (installable software) and packages are in development.
They may not be fully stable and should be used with caution. We make no claims about them.