CRAN Package Check Results for Package scales

Last updated on 2025-11-13 15:51:25 CET.

Flavor Version Tinstall Tcheck Ttotal Status Flags
r-devel-linux-x86_64-debian-clang 1.4.0 10.26 105.78 116.04 NOTE
r-devel-linux-x86_64-debian-gcc 1.4.0 6.16 70.65 76.81 NOTE
r-devel-linux-x86_64-fedora-clang 1.4.0 21.00 151.79 172.79 OK
r-devel-linux-x86_64-fedora-gcc 1.4.0 24.00 145.70 169.70 OK
r-devel-windows-x86_64 1.4.0 14.00 124.00 138.00 OK
r-patched-linux-x86_64 1.4.0 12.19 98.71 110.90 OK
r-release-linux-x86_64 1.4.0 10.37 98.04 108.41 OK
r-release-macos-arm64 1.4.0 4.00 43.00 47.00 OK
r-release-macos-x86_64 1.4.0 12.00 120.00 132.00 OK
r-release-windows-x86_64 1.4.0 12.00 121.00 133.00 OK
r-oldrel-macos-arm64 1.4.0 4.00 43.00 47.00 OK
r-oldrel-macos-x86_64 1.4.0 17.00 144.00 161.00 OK
r-oldrel-windows-x86_64 1.4.0 17.00 151.00 168.00 OK

Check Details

Version: 1.4.0
Check: DESCRIPTION meta-information
Result: NOTE Author field differs from that derived from Authors@R Author: ‘Hadley Wickham [aut], Thomas Lin Pedersen [cre, aut] (<https://orcid.org/0000-0002-5147-4711>), Dana Seidel [aut], Posit Software, PBC [cph, fnd] (03wc8by49)’ Authors@R: ‘Hadley Wickham [aut], Thomas Lin Pedersen [cre, aut] (ORCID: <https://orcid.org/0000-0002-5147-4711>), Dana Seidel [aut], Posit Software, PBC [cph, fnd] (ROR: <https://ror.org/03wc8by49>)’ Flavors: r-devel-linux-x86_64-debian-clang, r-devel-linux-x86_64-debian-gcc

These binaries (installable software) and packages are in development.
They may not be fully stable and should be used with caution. We make no claims about them.