Last updated on 2025-05-01 12:49:40 CEST.
Flavor | Version | Tinstall | Tcheck | Ttotal | Status | Flags |
---|---|---|---|---|---|---|
r-devel-linux-x86_64-debian-clang | 1.4.0 | 9.63 | 93.72 | 103.35 | NOTE | |
r-devel-linux-x86_64-debian-gcc | 1.4.0 | 6.81 | 65.26 | 72.07 | NOTE | |
r-devel-linux-x86_64-fedora-clang | 1.4.0 | 159.91 | OK | |||
r-devel-linux-x86_64-fedora-gcc | 1.4.0 | 169.65 | OK | |||
r-devel-windows-x86_64 | 1.4.0 | 11.00 | 126.00 | 137.00 | OK | |
r-patched-linux-x86_64 | 1.4.0 | 12.00 | 86.77 | 98.77 | OK | |
r-release-linux-x86_64 | OK | |||||
r-release-macos-arm64 | 1.4.0 | 47.00 | OK | |||
r-release-macos-x86_64 | 1.4.0 | 132.00 | OK | |||
r-release-windows-x86_64 | 1.4.0 | 13.00 | 127.00 | 140.00 | OK | |
r-oldrel-macos-arm64 | 1.4.0 | 47.00 | OK | |||
r-oldrel-macos-x86_64 | 1.4.0 | 161.00 | OK | |||
r-oldrel-windows-x86_64 | 1.4.0 | 16.00 | 139.00 | 155.00 | OK |
Version: 1.4.0
Check: DESCRIPTION meta-information
Result: NOTE
Author field differs from that derived from Authors@R
Author: ‘Hadley Wickham [aut], Thomas Lin Pedersen [cre, aut] (<https://orcid.org/0000-0002-5147-4711>), Dana Seidel [aut], Posit Software, PBC [cph, fnd] (03wc8by49)’
Authors@R: ‘Hadley Wickham [aut], Thomas Lin Pedersen [cre, aut] (ORCID: <https://orcid.org/0000-0002-5147-4711>), Dana Seidel [aut], Posit Software, PBC [cph, fnd] (ROR: <https://ror.org/03wc8by49>)’
Flavors: r-devel-linux-x86_64-debian-clang, r-devel-linux-x86_64-debian-gcc
These binaries (installable software) and packages are in development.
They may not be fully stable and should be used with caution. We make no claims about them.