Last updated on 2025-05-01 12:49:40 CEST.
Flavor | Version | Tinstall | Tcheck | Ttotal | Status | Flags |
---|---|---|---|---|---|---|
r-devel-linux-x86_64-debian-clang | 1.2-18 | 29.27 | 144.66 | 173.93 | NOTE | |
r-devel-linux-x86_64-debian-gcc | 1.2-18 | 16.44 | 94.31 | 110.75 | OK | |
r-devel-linux-x86_64-fedora-clang | 1.2-18 | 289.08 | OK | |||
r-devel-linux-x86_64-fedora-gcc | 1.2-18 | 261.34 | OK | |||
r-devel-windows-x86_64 | 1.2-18 | 28.00 | 155.00 | 183.00 | OK | |
r-patched-linux-x86_64 | 1.2-18 | 27.50 | 138.27 | 165.77 | OK | |
r-release-linux-x86_64 | OK | |||||
r-release-macos-arm64 | 1.2-18 | 66.00 | OK | |||
r-release-macos-x86_64 | 1.2-18 | 140.00 | OK | |||
r-release-windows-x86_64 | 1.2-18 | 28.00 | 163.00 | 191.00 | OK | |
r-oldrel-macos-arm64 | 1.2-18 | 75.00 | OK | |||
r-oldrel-macos-x86_64 | 1.2-18 | 176.00 | OK | |||
r-oldrel-windows-x86_64 | 1.2-18 | 35.00 | 186.00 | 221.00 | OK |
Version: 1.2-18
Check: examples
Result: NOTE
Examples with CPU (user + system) or elapsed time > 5s
user system elapsed
plot.scam 5.901 0.05 6.943
Flavor: r-devel-linux-x86_64-debian-clang
Version: 1.2-18
Check: examples
Result: NA
user system elapsed
plot.scam 5.389 0.041 6.196
OK
Flavor: r-devel-linux-x86_64-debian-gcc
These binaries (installable software) and packages are in development.
They may not be fully stable and should be used with caution. We make no claims about them.