CRAN Package Check Results for Package scan

Last updated on 2025-10-23 11:50:27 CEST.

Flavor Version Tinstall Tcheck Ttotal Status Flags
r-devel-linux-x86_64-debian-clang 0.67.0 20.69 175.79 196.48 NOTE
r-devel-linux-x86_64-debian-gcc 0.67.0 12.51 117.01 129.52 OK
r-devel-linux-x86_64-fedora-clang 0.67.0 46.00 253.56 299.56 OK
r-devel-linux-x86_64-fedora-gcc 0.67.0 52.00 235.70 287.70 OK
r-devel-windows-x86_64 0.67.0 24.00 170.00 194.00 OK
r-patched-linux-x86_64 0.67.0 22.61 161.51 184.12 OK
r-release-linux-x86_64 0.67.0 19.16 162.98 182.14 OK
r-release-macos-arm64 0.67.0 8.00 64.00 72.00 OK
r-release-macos-x86_64 0.67.0 36.00 159.00 195.00 OK
r-release-windows-x86_64 0.67.0 23.00 174.00 197.00 OK
r-oldrel-macos-arm64 0.67.0 8.00 67.00 75.00 OK
r-oldrel-macos-x86_64 0.67.0 17.00 128.00 145.00 OK
r-oldrel-windows-x86_64 0.67.0 34.00 223.00 257.00 OK

Check Details

Version: 0.67.0
Check: HTML version of manual
Result: NOTE Found the following HTML validation problems: deprecated-functions.html:68:1 (deprecated-functions.Rd:41): Warning: missing </ul> before </div> dot-inheritParams.html:142:1 (dot-inheritParams.Rd:76): Warning: missing </ul> before </div> plot_rand.html:84:1 (plot_rand.Rd:33): Warning: missing </ul> before </div> print.sc.html:95:1 (print.sc.Rd:54): Warning: missing </ul> before </div> summary.scdf.html:55:1 (summary.scdf.Rd:14): Warning: missing </ul> before </div> Flavor: r-devel-linux-x86_64-debian-clang

These binaries (installable software) and packages are in development.
They may not be fully stable and should be used with caution. We make no claims about them.