CRAN Package Check Results for Package scanstatistics

Last updated on 2025-05-08 04:52:18 CEST.

Flavor Version Tinstall Tcheck Ttotal Status Flags
r-devel-linux-x86_64-debian-clang 1.1.1 87.30 102.39 189.69 NOTE
r-devel-linux-x86_64-debian-gcc 1.1.1 63.26 71.86 135.12 NOTE
r-devel-linux-x86_64-fedora-clang 1.1.1 342.56 NOTE
r-devel-linux-x86_64-fedora-gcc 1.1.1 351.76 NOTE
r-devel-windows-x86_64 1.1.1 100.00 125.00 225.00 NOTE
r-patched-linux-x86_64 1.1.1 88.26 95.13 183.39 NOTE
r-release-linux-x86_64 1.1.1 86.03 93.43 179.46 NOTE
r-release-macos-arm64 1.1.1 80.00 NOTE
r-release-macos-x86_64 1.1.1 133.00 NOTE
r-release-windows-x86_64 1.1.1 107.00 127.00 234.00 NOTE
r-oldrel-macos-arm64 1.1.1 83.00 NOTE
r-oldrel-macos-x86_64 1.1.1 107.00 NOTE
r-oldrel-windows-x86_64 1.1.1 125.00 157.00 282.00 NOTE

Check Details

Version: 1.1.1
Check: C++ specification
Result: NOTE Specified C++11: please drop specification unless essential Flavors: r-devel-linux-x86_64-debian-clang, r-devel-linux-x86_64-debian-gcc, r-devel-linux-x86_64-fedora-clang, r-devel-linux-x86_64-fedora-gcc, r-devel-windows-x86_64, r-patched-linux-x86_64, r-release-linux-x86_64, r-release-macos-arm64, r-release-macos-x86_64, r-release-windows-x86_64, r-oldrel-macos-arm64, r-oldrel-macos-x86_64, r-oldrel-windows-x86_64

These binaries (installable software) and packages are in development.
They may not be fully stable and should be used with caution. We make no claims about them.