Last updated on 2025-02-02 14:48:34 CET.
Flavor | Version | Tinstall | Tcheck | Ttotal | Status | Flags |
---|---|---|---|---|---|---|
r-devel-linux-x86_64-debian-clang | 1.1.1 | 88.31 | 100.85 | 189.16 | NOTE | |
r-devel-linux-x86_64-debian-gcc | 1.1.1 | 63.46 | 69.63 | 133.09 | NOTE | |
r-devel-linux-x86_64-fedora-clang | 1.1.1 | 338.50 | NOTE | |||
r-devel-linux-x86_64-fedora-gcc | 1.1.1 | 352.17 | NOTE | |||
r-devel-windows-x86_64 | 1.1.1 | 96.00 | 127.00 | 223.00 | NOTE | |
r-patched-linux-x86_64 | 1.1.1 | 85.96 | 91.27 | 177.23 | NOTE | |
r-release-linux-x86_64 | 1.1.1 | 86.19 | 90.72 | 176.91 | NOTE | |
r-release-macos-arm64 | 1.1.1 | 83.00 | NOTE | |||
r-release-macos-x86_64 | 1.1.1 | 107.00 | NOTE | |||
r-release-windows-x86_64 | 1.1.1 | 94.00 | 126.00 | 220.00 | NOTE | |
r-oldrel-macos-arm64 | 1.1.1 | 99.00 | NOTE | |||
r-oldrel-macos-x86_64 | 1.1.1 | 167.00 | NOTE | |||
r-oldrel-windows-x86_64 | 1.1.1 | 108.00 | 154.00 | 262.00 | NOTE |
Version: 1.1.1
Check: C++ specification
Result: NOTE
Specified C++11: please drop specification unless essential
Flavors: r-devel-linux-x86_64-debian-clang, r-devel-linux-x86_64-debian-gcc, r-devel-linux-x86_64-fedora-clang, r-devel-linux-x86_64-fedora-gcc, r-devel-windows-x86_64, r-patched-linux-x86_64, r-release-linux-x86_64, r-release-macos-arm64, r-release-macos-x86_64, r-release-windows-x86_64, r-oldrel-macos-arm64, r-oldrel-macos-x86_64, r-oldrel-windows-x86_64
These binaries (installable software) and packages are in development.
They may not be fully stable and should be used with caution. We make no claims about them.