Last updated on 2025-07-27 05:48:43 CEST.
Flavor | Version | Tinstall | Tcheck | Ttotal | Status | Flags |
---|---|---|---|---|---|---|
r-devel-linux-x86_64-debian-clang | 1.1.1 | 89.50 | 101.43 | 190.93 | NOTE | |
r-devel-linux-x86_64-debian-gcc | 1.1.1 | 63.58 | 71.47 | 135.05 | NOTE | |
r-devel-linux-x86_64-fedora-clang | 1.1.1 | 355.66 | NOTE | |||
r-devel-linux-x86_64-fedora-gcc | 1.1.1 | 316.84 | NOTE | |||
r-devel-windows-x86_64 | 1.1.1 | 107.00 | 146.00 | 253.00 | NOTE | |
r-patched-linux-x86_64 | 1.1.1 | 88.16 | 93.72 | 181.88 | NOTE | |
r-release-linux-x86_64 | 1.1.1 | 93.24 | 94.92 | 188.16 | NOTE | |
r-release-macos-arm64 | 1.1.1 | 80.00 | NOTE | |||
r-release-macos-x86_64 | 1.1.1 | 133.00 | NOTE | |||
r-release-windows-x86_64 | 1.1.1 | 101.00 | 126.00 | 227.00 | NOTE | |
r-oldrel-macos-arm64 | 1.1.1 | 83.00 | NOTE | |||
r-oldrel-macos-x86_64 | 1.1.1 | 107.00 | NOTE | |||
r-oldrel-windows-x86_64 | 1.1.1 | 124.00 | 162.00 | 286.00 | NOTE |
Version: 1.1.1
Check: C++ specification
Result: NOTE
Specified C++11: please drop specification unless essential
Flavors: r-devel-linux-x86_64-debian-clang, r-devel-linux-x86_64-debian-gcc, r-devel-linux-x86_64-fedora-clang, r-devel-linux-x86_64-fedora-gcc, r-devel-windows-x86_64, r-patched-linux-x86_64, r-release-linux-x86_64, r-release-macos-arm64, r-release-macos-x86_64, r-release-windows-x86_64, r-oldrel-macos-arm64, r-oldrel-macos-x86_64, r-oldrel-windows-x86_64
These binaries (installable software) and packages are in development.
They may not be fully stable and should be used with caution. We make no claims about them.