CRAN Package Check Results for Package scatr

Last updated on 2025-05-01 15:49:44 CEST.

Flavor Version Tinstall Tcheck Ttotal Status Flags
r-devel-linux-x86_64-debian-clang 1.0.1 4.86 20.78 25.64 NOTE
r-devel-linux-x86_64-debian-gcc 1.0.1 3.23 16.51 19.74 NOTE
r-devel-linux-x86_64-fedora-clang 1.0.1 40.43 NOTE
r-devel-linux-x86_64-fedora-gcc 1.0.1 38.02 NOTE
r-devel-windows-x86_64 1.0.1 6.00 42.00 48.00 OK
r-patched-linux-x86_64 1.0.1 5.00 20.35 25.35 OK
r-release-linux-x86_64 OK
r-release-macos-arm64 1.0.1 18.00 OK
r-release-macos-x86_64 1.0.1 30.00 OK
r-release-windows-x86_64 1.0.1 7.00 45.00 52.00 OK
r-oldrel-macos-arm64 1.0.1 18.00 NOTE
r-oldrel-macos-x86_64 1.0.1 24.00 NOTE
r-oldrel-windows-x86_64 1.0.1 8.00 44.00 52.00 NOTE

Check Details

Version: 1.0.1
Check: CRAN incoming feasibility
Result: NOTE Maintainer: ‘Ravi Selker <selker.ravi@gmail.com>’ No Authors@R field in DESCRIPTION. Please add one, modifying Authors@R: person(given = "Ravi", family = "Selker", role = c("aut", "cre"), email = "selker.ravi@gmail.com") as necessary. Flavors: r-devel-linux-x86_64-debian-clang, r-devel-linux-x86_64-debian-gcc

Version: 1.0.1
Check: examples
Result: NOTE Examples with CPU (user + system) or elapsed time > 5s user system elapsed scat 4.068 0.146 5.241 Flavor: r-devel-linux-x86_64-debian-clang

Version: 1.0.1
Check: dependencies in R code
Result: NOTE Namespaces in Imports field not imported from: ‘R6’ ‘cowplot’ ‘ggplot2’ ‘ggridges’ ‘ggstance’ ‘jmvcore’ All declared Imports should be used. Flavors: r-devel-linux-x86_64-fedora-clang, r-devel-linux-x86_64-fedora-gcc

Version: 1.0.1
Check: LazyData
Result: NOTE 'LazyData' is specified without a 'data' directory Flavors: r-oldrel-macos-arm64, r-oldrel-macos-x86_64, r-oldrel-windows-x86_64

These binaries (installable software) and packages are in development.
They may not be fully stable and should be used with caution. We make no claims about them.