CRAN Package Check Results for Package scatterplot3d

Last updated on 2025-05-01 12:49:40 CEST.

Flavor Version Tinstall Tcheck Ttotal Status Flags
r-devel-linux-x86_64-debian-clang 0.3-44 2.38 28.59 30.97 NOTE
r-devel-linux-x86_64-debian-gcc 0.3-44 1.71 23.38 25.09 NOTE
r-devel-linux-x86_64-fedora-clang 0.3-44 48.51 OK
r-devel-linux-x86_64-fedora-gcc 0.3-44 59.81 OK
r-devel-windows-x86_64 0.3-44 4.00 71.00 75.00 OK
r-patched-linux-x86_64 0.3-44 2.16 27.53 29.69 OK
r-release-linux-x86_64 OK
r-release-macos-arm64 0.3-44 26.00 OK
r-release-macos-x86_64 0.3-44 49.00 OK
r-release-windows-x86_64 0.3-44 4.00 76.00 80.00 OK
r-oldrel-macos-arm64 0.3-44 29.00 OK
r-oldrel-macos-x86_64 0.3-44 49.00 OK
r-oldrel-windows-x86_64 0.3-44 3.00 70.00 73.00 OK

Check Details

Version: 0.3-44
Check: CRAN incoming feasibility
Result: NOTE Maintainer: ‘Uwe Ligges <ligges@statistik.tu-dortmund.de>’ No Authors@R field in DESCRIPTION. Please add one, modifying Authors@R: c(person(given = "Uwe", family = "Ligges", role = c("aut", "cre"), email = "ligges@statistik.tu-dortmund.de"), person(given = "Martin", family = "Maechler", role = "aut"), person(given = "Sarah", family = "Schnackenberg", role = "aut")) as necessary. Flavors: r-devel-linux-x86_64-debian-clang, r-devel-linux-x86_64-debian-gcc

These binaries (installable software) and packages are in development.
They may not be fully stable and should be used with caution. We make no claims about them.