CRAN Package Check Results for Package sccr

Last updated on 2025-10-23 11:50:27 CEST.

Flavor Version Tinstall Tcheck Ttotal Status Flags
r-devel-linux-x86_64-debian-clang 2.1 1.80 24.75 26.55 NOTE
r-devel-linux-x86_64-debian-gcc 2.1 1.53 19.51 21.04 NOTE
r-devel-linux-x86_64-fedora-clang 2.1 39.19 OK
r-devel-linux-x86_64-fedora-gcc 2.1 37.54 OK
r-devel-windows-x86_64 2.1 4.00 42.00 46.00 OK
r-patched-linux-x86_64 2.1 1.91 23.27 25.18 OK
r-release-linux-x86_64 2.1 1.76 23.08 24.84 OK
r-release-macos-arm64 2.1 1.00 16.00 17.00 OK
r-release-macos-x86_64 2.1 2.00 33.00 35.00 OK
r-release-windows-x86_64 2.1 5.00 44.00 49.00 OK
r-oldrel-macos-arm64 2.1 1.00 18.00 19.00 OK
r-oldrel-macos-x86_64 2.1 2.00 21.00 23.00 OK
r-oldrel-windows-x86_64 2.1 4.00 50.00 54.00 OK

Check Details

Version: 2.1
Check: CRAN incoming feasibility
Result: NOTE Maintainer: ‘Alicja Wolny-Dominiak<woali@ue.katowice.pl>’ No Authors@R field in DESCRIPTION. Please add one, modifying Authors@R: c(person(given = "Peter", family = "Adamic", role = "aut"), person(given = "Alicja", family = "Wolny-Dominiak", role = c("aut", "cre"), email = "woali@ue.katowice.pl")) as necessary. Flavors: r-devel-linux-x86_64-debian-clang, r-devel-linux-x86_64-debian-gcc

These binaries (installable software) and packages are in development.
They may not be fully stable and should be used with caution. We make no claims about them.