CRAN Package Check Results for Package scdtb

Last updated on 2025-05-23 01:51:11 CEST.

Flavor Version Tinstall Tcheck Ttotal Status Flags
r-devel-linux-x86_64-debian-clang 0.2.0 4.15 48.08 52.23 NOTE
r-devel-linux-x86_64-debian-gcc 0.2.0 2.07 33.45 35.52 NOTE
r-devel-linux-x86_64-fedora-clang 0.2.0 80.19 NOTE
r-devel-linux-x86_64-fedora-gcc 0.2.0 76.27 NOTE
r-devel-windows-x86_64 0.2.0 6.00 70.00 76.00 NOTE
r-patched-linux-x86_64 0.2.0 4.33 43.86 48.19 NOTE
r-release-linux-x86_64 0.2.0 3.85 44.29 48.14 NOTE
r-release-macos-arm64 0.2.0 26.00 NOTE
r-release-macos-x86_64 0.2.0 53.00 NOTE
r-release-windows-x86_64 0.2.0 5.00 68.00 73.00 NOTE
r-oldrel-macos-arm64 0.2.0 26.00 OK
r-oldrel-macos-x86_64 0.2.0 41.00 OK
r-oldrel-windows-x86_64 0.2.0 7.00 79.00 86.00 OK

Check Details

Version: 0.2.0
Check: DESCRIPTION meta-information
Result: NOTE Missing dependency on R >= 4.1.0 because package code uses the pipe |> or function shorthand \(...) syntax added in R 4.1.0. File(s) using such syntax: ‘nap.R’ ‘randomization_test.R’ ‘scdtb.R’ Flavors: r-devel-linux-x86_64-debian-clang, r-devel-linux-x86_64-debian-gcc, r-devel-linux-x86_64-fedora-clang, r-devel-linux-x86_64-fedora-gcc, r-devel-windows-x86_64, r-patched-linux-x86_64, r-release-linux-x86_64, r-release-macos-arm64, r-release-macos-x86_64, r-release-windows-x86_64

These binaries (installable software) and packages are in development.
They may not be fully stable and should be used with caution. We make no claims about them.