Last updated on 2025-02-16 08:51:00 CET.
Flavor | Version | Tinstall | Tcheck | Ttotal | Status | Flags |
---|---|---|---|---|---|---|
r-devel-linux-x86_64-debian-clang | 1.4.6.2 | 166.28 | 72.25 | 238.53 | OK | |
r-devel-linux-x86_64-debian-gcc | 1.4.6.2 | 127.54 | 55.80 | 183.34 | OK | |
r-devel-linux-x86_64-fedora-clang | 1.4.6.2 | 512.21 | OK | |||
r-devel-linux-x86_64-fedora-gcc | 1.4.6.2 | 532.07 | OK | |||
r-devel-macos-arm64 | 1.4.6.2 | 101.00 | OK | |||
r-devel-macos-x86_64 | 1.4.6.2 | 144.00 | OK | |||
r-devel-windows-x86_64 | 1.4.6.2 | 168.00 | 140.00 | 308.00 | OK | |
r-patched-linux-x86_64 | 1.4.6.2 | 182.46 | 71.97 | 254.43 | OK | |
r-release-linux-x86_64 | 1.4.6.2 | 184.87 | 71.49 | 256.36 | OK | |
r-release-macos-arm64 | 1.4.6.2 | 146.00 | NOTE | |||
r-release-macos-x86_64 | 1.4.6.2 | 284.00 | NOTE | |||
r-release-windows-x86_64 | 1.4.6.2 | 170.00 | 145.00 | 315.00 | OK | |
r-oldrel-macos-arm64 | 1.4.6.2 | 164.00 | NOTE | |||
r-oldrel-macos-x86_64 | 1.4.6.2 | 230.00 | NOTE | |||
r-oldrel-windows-x86_64 | 1.4.6.2 | 163.00 | 153.00 | 316.00 | OK |
Version: 1.4.6.2
Check: installed package size
Result: NOTE
installed size is 18.8Mb
sub-directories of 1Mb or more:
libs 18.2Mb
Flavors: r-release-macos-arm64, r-release-macos-x86_64, r-oldrel-macos-arm64, r-oldrel-macos-x86_64
These binaries (installable software) and packages are in development.
They may not be fully stable and should be used with caution. We make no claims about them.