Last updated on 2025-10-23 21:51:40 CEST.
Flavor | Version | Tinstall | Tcheck | Ttotal | Status | Flags |
---|---|---|---|---|---|---|
r-devel-linux-x86_64-debian-clang | 1.4.6.2 | 162.17 | 86.61 | 248.78 | OK | |
r-devel-linux-x86_64-debian-gcc | 1.4.6.2 | 128.32 | 69.81 | 198.13 | OK | |
r-devel-linux-x86_64-fedora-clang | 1.4.6.2 | 780.00 | -256.01 | 523.99 | OK | |
r-devel-linux-x86_64-fedora-gcc | 1.4.6.2 | 720.00 | -171.25 | 548.75 | OK | |
r-devel-windows-x86_64 | 1.4.6.2 | 176.00 | 138.00 | 314.00 | OK | |
r-patched-linux-x86_64 | 1.4.6.2 | 179.87 | 87.01 | 266.88 | OK | |
r-release-linux-x86_64 | 1.4.6.2 | 181.66 | 87.08 | 268.74 | OK | |
r-release-macos-arm64 | 1.4.6.2 | 70.00 | 69.00 | 139.00 | OK | |
r-release-macos-x86_64 | 1.4.6.2 | 55.00 | 93.00 | 148.00 | OK | |
r-release-windows-x86_64 | 1.4.6.2 | 184.00 | 140.00 | 324.00 | OK | |
r-oldrel-macos-arm64 | 1.4.6.2 | 75.00 | 71.00 | 146.00 | NOTE | |
r-oldrel-macos-x86_64 | 1.4.6.2 | 98.00 | 186.00 | 284.00 | NOTE | |
r-oldrel-windows-x86_64 | 1.4.6.2 | 192.00 | 168.00 | 360.00 | OK |
Version: 1.4.6.2
Check: installed package size
Result: NOTE
installed size is 18.8Mb
sub-directories of 1Mb or more:
libs 18.2Mb
Flavors: r-oldrel-macos-arm64, r-oldrel-macos-x86_64
These binaries (installable software) and packages are in development.
They may not be fully stable and should be used with caution. We make no claims about them.