Last updated on 2024-06-22 19:58:15 CEST.
Flavor | Version | Tinstall | Tcheck | Ttotal | Status | Flags |
---|---|---|---|---|---|---|
r-devel-linux-x86_64-debian-clang | 1.4.5 | 333.58 | 93.61 | 427.19 | OK | |
r-devel-linux-x86_64-debian-gcc | 1.4.5 | 231.79 | 80.31 | 312.10 | OK | |
r-devel-linux-x86_64-fedora-clang | 1.4.5 | 637.44 | OK | |||
r-devel-linux-x86_64-fedora-gcc | 1.4.5 | 698.73 | OK | |||
r-devel-windows-x86_64 | 1.4.5 | 235.00 | 138.00 | 373.00 | OK | |
r-patched-linux-x86_64 | 1.4.5 | 283.89 | 101.65 | 385.54 | OK | |
r-release-linux-x86_64 | 1.4.5 | 276.94 | 105.11 | 382.05 | OK | |
r-release-macos-arm64 | 1.4.5 | 110.00 | NOTE | |||
r-release-macos-x86_64 | 1.4.5 | 126.00 | NOTE | |||
r-release-windows-x86_64 | 1.4.5 | 237.00 | 144.00 | 381.00 | OK | |
r-oldrel-macos-arm64 | 1.4.5 | 143.00 | NOTE | |||
r-oldrel-macos-x86_64 | 1.4.5 | 236.00 | NOTE | |||
r-oldrel-windows-x86_64 | 1.4.5 | 232.00 | 162.00 | 394.00 | OK |
Version: 1.4.5
Check: installed package size
Result: NOTE
installed size is 17.3Mb
sub-directories of 1Mb or more:
libs 16.7Mb
Flavors: r-release-macos-arm64, r-release-macos-x86_64, r-oldrel-macos-arm64, r-oldrel-macos-x86_64
These binaries (installable software) and packages are in development.
They may not be fully stable and should be used with caution. We make no claims about them.