Last updated on 2025-10-25 05:50:16 CEST.
| Flavor | Version | Tinstall | Tcheck | Ttotal | Status | Flags |
|---|---|---|---|---|---|---|
| r-devel-linux-x86_64-debian-clang | 0.1.2-21 | 5.74 | 65.58 | 71.32 | NOTE | |
| r-devel-linux-x86_64-debian-gcc | 0.1.2-21 | 4.20 | 43.46 | 47.66 | NOTE | |
| r-devel-linux-x86_64-fedora-clang | 0.1.2-21 | 16.00 | 80.93 | 96.93 | OK | |
| r-devel-linux-x86_64-fedora-gcc | 0.1.2-21 | 15.00 | 76.95 | 91.95 | OK | |
| r-devel-windows-x86_64 | 0.1.2-21 | 7.00 | 66.00 | 73.00 | OK | |
| r-patched-linux-x86_64 | 0.1.2-21 | 5.26 | 59.72 | 64.98 | OK | |
| r-release-linux-x86_64 | 0.1.2-21 | 5.12 | 60.03 | 65.15 | OK | |
| r-release-macos-arm64 | 0.1.2-21 | 2.00 | 28.00 | 30.00 | OK | |
| r-release-macos-x86_64 | 0.1.2-21 | 6.00 | 47.00 | 53.00 | OK | |
| r-release-windows-x86_64 | 0.1.2-21 | 9.00 | 67.00 | 76.00 | OK | |
| r-oldrel-macos-arm64 | 0.1.2-21 | 3.00 | 28.00 | 31.00 | OK | |
| r-oldrel-macos-x86_64 | 0.1.2-21 | 5.00 | 41.00 | 46.00 | OK | |
| r-oldrel-windows-x86_64 | 0.1.2-21 | 10.00 | 84.00 | 94.00 | OK |
Version: 0.1.2-21
Check: CRAN incoming feasibility
Result: NOTE
Maintainer: ‘Daisuke Murakami <dmuraka@ism.ac.jp>’
No Authors@R field in DESCRIPTION.
Please add one, modifying
Authors@R: c(person(given = "Daisuke",
family = "Murakami",
role = c("cre", "aut"),
email = "dmuraka@ism.ac.jp"),
person(given = "Narumasa",
family = "Tsutsumida",
role = "ctb"),
person(given = "Takahiro",
family = "Yoshida",
role = "ctb"),
person(given = "Tomoki",
family = "Nakaya",
role = "ctb"),
person(given = "Lu",
family = "Binbin",
role = "ctb"))
as necessary.
The Description field contains
<arXiv:1905.00266>.
Please refer to arXiv e-prints via their arXiv DOI <doi:10.48550/arXiv.YYMM.NNNNN>.
Flavors: r-devel-linux-x86_64-debian-clang, r-devel-linux-x86_64-debian-gcc
These binaries (installable software) and packages are in development.
They may not be fully stable and should be used with caution. We make no claims about them.