Last updated on 2025-05-07 22:48:40 CEST.
Flavor | Version | Tinstall | Tcheck | Ttotal | Status | Flags |
---|---|---|---|---|---|---|
r-devel-linux-x86_64-debian-clang | 2.0.3 | 1.86 | 19.40 | 21.26 | NOTE | |
r-devel-linux-x86_64-debian-gcc | 2.0.3 | 1.36 | 16.22 | 17.58 | NOTE | |
r-devel-linux-x86_64-fedora-clang | 2.0.3 | 31.36 | OK | |||
r-devel-linux-x86_64-fedora-gcc | 2.0.3 | 29.49 | OK | |||
r-devel-windows-x86_64 | 2.0.3 | 3.00 | 40.00 | 43.00 | OK | |
r-patched-linux-x86_64 | 2.0.3 | 1.86 | 17.45 | 19.31 | OK | |
r-release-linux-x86_64 | 2.0.3 | 1.79 | 17.64 | 19.43 | OK | |
r-release-macos-arm64 | 2.0.3 | 29.00 | OK | |||
r-release-macos-x86_64 | 2.0.3 | 24.00 | OK | |||
r-release-windows-x86_64 | 2.0.3 | 2.00 | 41.00 | 43.00 | OK | |
r-oldrel-macos-arm64 | 2.0.3 | 14.00 | OK | |||
r-oldrel-macos-x86_64 | 2.0.3 | 28.00 | OK | |||
r-oldrel-windows-x86_64 | 2.0.3 | 4.00 | 45.00 | 49.00 | OK |
Version: 2.0.3
Check: CRAN incoming feasibility
Result: NOTE
Maintainer: ‘Jeffrey A. Dahlke <jeff.dahlke.phd@gmail.com>’
No Authors@R field in DESCRIPTION.
Please add one, modifying
Authors@R: person(given = c("Jeffrey", "A."),
family = "Dahlke",
role = c("aut", "cre"),
email = "jeff.dahlke.phd@gmail.com")
as necessary.
Flavors: r-devel-linux-x86_64-debian-clang, r-devel-linux-x86_64-debian-gcc
These binaries (installable software) and packages are in development.
They may not be fully stable and should be used with caution. We make no claims about them.