Last updated on 2025-11-11 15:50:46 CET.
| Flavor | Version | Tinstall | Tcheck | Ttotal | Status | Flags |
|---|---|---|---|---|---|---|
| r-devel-linux-x86_64-debian-clang | 1.2.1 | 1.99 | 23.75 | 25.74 | NOTE | |
| r-devel-linux-x86_64-debian-gcc | 1.2.1 | 1.47 | 19.07 | 20.54 | NOTE | |
| r-devel-linux-x86_64-fedora-clang | 1.2.1 | 39.28 | OK | |||
| r-devel-linux-x86_64-fedora-gcc | 1.2.1 | 355.83 | OK | |||
| r-devel-windows-x86_64 | 1.2.1 | 3.00 | 42.00 | 45.00 | OK | |
| r-patched-linux-x86_64 | 1.2.1 | 1.91 | 22.36 | 24.27 | OK | |
| r-release-linux-x86_64 | 1.2.1 | 1.89 | 23.11 | 25.00 | OK | |
| r-release-macos-arm64 | 1.2.1 | 1.00 | 124.00 | 125.00 | OK | |
| r-release-macos-x86_64 | 1.2.1 | 2.00 | 209.00 | 211.00 | OK | |
| r-release-windows-x86_64 | 1.2.1 | 4.00 | 41.00 | 45.00 | OK | |
| r-oldrel-macos-arm64 | 1.2.1 | 1.00 | 74.00 | 75.00 | OK | |
| r-oldrel-macos-x86_64 | 1.2.1 | 2.00 | 156.00 | 158.00 | OK | |
| r-oldrel-windows-x86_64 | 1.2.1 | 4.00 | 51.00 | 55.00 | OK |
Version: 1.2.1
Check: CRAN incoming feasibility
Result: NOTE
Maintainer: ‘Stuart Baumann <Stuart@StuartBaumann.com>’
No Authors@R field in DESCRIPTION.
Please add one, modifying
Authors@R: c(person(given = "Stuart",
family = "Baumann",
role = c("aut", "cre"),
email = "stuart@stuartbaumann.com"),
person(given = "Margaryta",
family = "Klymak",
role = "aut"))
as necessary.
Flavors: r-devel-linux-x86_64-debian-clang, r-devel-linux-x86_64-debian-gcc
These binaries (installable software) and packages are in development.
They may not be fully stable and should be used with caution. We make no claims about them.