Last updated on 2025-05-01 14:49:22 CEST.
Flavor | Version | Tinstall | Tcheck | Ttotal | Status | Flags |
---|---|---|---|---|---|---|
r-devel-linux-x86_64-debian-clang | 1.2.1 | 2.02 | 21.78 | 23.80 | NOTE | |
r-devel-linux-x86_64-debian-gcc | 1.2.1 | 1.47 | 17.98 | 19.45 | NOTE | |
r-devel-linux-x86_64-fedora-clang | 1.2.1 | 39.60 | OK | |||
r-devel-linux-x86_64-fedora-gcc | 1.2.1 | 347.76 | OK | |||
r-devel-windows-x86_64 | 1.2.1 | 3.00 | 49.00 | 52.00 | OK | |
r-patched-linux-x86_64 | 1.2.1 | 1.96 | 21.31 | 23.27 | OK | |
r-release-linux-x86_64 | OK | |||||
r-release-macos-arm64 | 1.2.1 | 125.00 | OK | |||
r-release-macos-x86_64 | 1.2.1 | 211.00 | OK | |||
r-release-windows-x86_64 | 1.2.1 | 3.00 | 49.00 | 52.00 | OK | |
r-oldrel-macos-arm64 | 1.2.1 | 75.00 | OK | |||
r-oldrel-macos-x86_64 | 1.2.1 | 158.00 | OK | |||
r-oldrel-windows-x86_64 | 1.2.1 | 3.00 | 46.00 | 49.00 | OK |
Version: 1.2.1
Check: CRAN incoming feasibility
Result: NOTE
Maintainer: ‘Stuart Baumann <Stuart@StuartBaumann.com>’
No Authors@R field in DESCRIPTION.
Please add one, modifying
Authors@R: c(person(given = "Stuart",
family = "Baumann",
role = c("aut", "cre"),
email = "stuart@stuartbaumann.com"),
person(given = "Margaryta",
family = "Klymak",
role = "aut"))
as necessary.
Flavors: r-devel-linux-x86_64-debian-clang, r-devel-linux-x86_64-debian-gcc
These binaries (installable software) and packages are in development.
They may not be fully stable and should be used with caution. We make no claims about them.