CRAN Package Check Results for Package scidesignR

Last updated on 2025-11-11 17:50:12 CET.

Flavor Version Tinstall Tcheck Ttotal Status Flags
r-devel-linux-x86_64-debian-clang 1.0.0 1.97 20.87 22.84 NOTE
r-devel-linux-x86_64-debian-gcc 1.0.0 1.50 17.04 18.54 NOTE
r-devel-linux-x86_64-fedora-clang 1.0.0 32.19 OK
r-devel-linux-x86_64-fedora-gcc 1.0.0 31.03 OK
r-devel-windows-x86_64 1.0.0 3.00 36.00 39.00 OK
r-patched-linux-x86_64 1.0.0 2.19 18.75 20.94 OK
r-release-linux-x86_64 1.0.0 1.97 19.17 21.14 OK
r-release-macos-arm64 1.0.0 1.00 15.00 16.00 OK
r-release-macos-x86_64 1.0.0 2.00 21.00 23.00 OK
r-release-windows-x86_64 1.0.0 3.00 36.00 39.00 OK
r-oldrel-macos-arm64 1.0.0 1.00 13.00 14.00 OK
r-oldrel-macos-x86_64 1.0.0 2.00 18.00 20.00 OK
r-oldrel-windows-x86_64 1.0.0 3.00 38.00 41.00 OK

Check Details

Version: 1.0.0
Check: CRAN incoming feasibility
Result: NOTE Maintainer: ‘Nathan Taback <nathan.taback@utoronto.ca>’ No Authors@R field in DESCRIPTION. Please add one, modifying Authors@R: person(given = "Nathan", family = "Taback", role = c("aut", "cre"), email = "nathan.taback@utoronto.ca") as necessary. Flavors: r-devel-linux-x86_64-debian-clang, r-devel-linux-x86_64-debian-gcc

These binaries (installable software) and packages are in development.
They may not be fully stable and should be used with caution. We make no claims about them.