Last updated on 2025-02-16 08:51:00 CET.
Flavor | Version | Tinstall | Tcheck | Ttotal | Status | Flags |
---|---|---|---|---|---|---|
r-devel-linux-x86_64-debian-clang | 0.0.2 | 13.43 | 259.13 | 272.56 | NOTE | |
r-devel-linux-x86_64-debian-gcc | 0.0.2 | 10.83 | 206.74 | 217.57 | NOTE | |
r-devel-linux-x86_64-fedora-clang | 0.0.2 | 412.98 | OK | |||
r-devel-linux-x86_64-fedora-gcc | 0.0.2 | 427.00 | OK | |||
r-devel-macos-arm64 | 0.0.2 | 151.00 | OK | |||
r-devel-macos-x86_64 | 0.0.2 | 312.00 | OK | |||
r-devel-windows-x86_64 | 0.0.2 | 15.00 | 239.00 | 254.00 | NOTE | |
r-patched-linux-x86_64 | 0.0.2 | 17.01 | 243.41 | 260.42 | OK | |
r-release-linux-x86_64 | 0.0.2 | 12.26 | 251.65 | 263.91 | OK | |
r-release-macos-arm64 | 0.0.2 | 136.00 | OK | |||
r-release-macos-x86_64 | 0.0.2 | 337.00 | OK | |||
r-release-windows-x86_64 | 0.0.2 | 13.00 | 241.00 | 254.00 | OK | |
r-oldrel-macos-arm64 | 0.0.2 | 150.00 | OK | |||
r-oldrel-macos-x86_64 | 0.0.2 | 406.00 | OK | |||
r-oldrel-windows-x86_64 | 0.0.2 | 18.00 | 251.00 | 269.00 | OK |
Version: 0.0.2
Check: Rd cross-references
Result: NOTE
Found the following Rd file(s) with Rd \link{} targets missing package
anchors:
step_aggregate_hclust.Rd: selections, bake, prep
step_aggregate_list.Rd: selections, bake, prep
step_rownormalize_tss.Rd: selections, bake, prep
step_select_background.Rd: selections, bake, prep
step_select_cv.Rd: selections, bake, prep
step_select_kruskal.Rd: selections, bake, prep
step_select_wilcoxon.Rd: selections, bake, prep
step_taxonomy.Rd: selections, bake, prep
Please provide package anchors for all Rd \link{} targets not in the
package itself and the base packages.
Flavors: r-devel-linux-x86_64-debian-clang, r-devel-linux-x86_64-debian-gcc, r-devel-windows-x86_64
These binaries (installable software) and packages are in development.
They may not be fully stable and should be used with caution. We make no claims about them.