CRAN Package Check Results for Package sciplot

Last updated on 2025-11-11 15:50:46 CET.

Flavor Version Tinstall Tcheck Ttotal Status Flags
r-devel-linux-x86_64-debian-clang 1.2-0 1.85 21.68 23.53 NOTE
r-devel-linux-x86_64-debian-gcc 1.2-0 1.50 17.52 19.02 NOTE
r-devel-linux-x86_64-fedora-clang 1.2-0 34.32 OK
r-devel-linux-x86_64-fedora-gcc 1.2-0 33.26 OK
r-devel-windows-x86_64 1.2-0 3.00 46.00 49.00 OK
r-patched-linux-x86_64 1.2-0 2.01 20.44 22.45 OK
r-release-linux-x86_64 1.2-0 1.86 20.44 22.30 OK
r-release-macos-arm64 1.2-0 1.00 25.00 26.00 OK
r-release-macos-x86_64 1.2-0 2.00 23.00 25.00 OK
r-release-windows-x86_64 1.2-0 3.00 44.00 47.00 OK
r-oldrel-macos-arm64 1.2-0 1.00 14.00 15.00 OK
r-oldrel-macos-x86_64 1.2-0 2.00 19.00 21.00 OK
r-oldrel-windows-x86_64 1.2-0 2.00 46.00 48.00 OK

Check Details

Version: 1.2-0
Check: CRAN incoming feasibility
Result: NOTE Maintainer: ‘Manuel Morales <Manuel.A.Morales@williams.edu>’ No Authors@R field in DESCRIPTION. Please add one, modifying Authors@R: c(person(given = "Manuel", family = "Morales", role = c("aut", "cre"), email = "mmorales@williams.edu"), person(given = c("with", "code", "developed", "by", "the", "R", "Development", "Core"), family = "Team", role = "aut"), person(given = c("with", "general", "advice", "from", "the", "R-help", "listserv"), family = "community", role = "aut"), person(given = c("especially", "Duncan"), family = "Murdoch.", role = "aut")) as necessary. Flavors: r-devel-linux-x86_64-debian-clang, r-devel-linux-x86_64-debian-gcc

These binaries (installable software) and packages are in development.
They may not be fully stable and should be used with caution. We make no claims about them.