Last updated on 2025-10-23 11:50:27 CEST.
Flavor | Version | Tinstall | Tcheck | Ttotal | Status | Flags |
---|---|---|---|---|---|---|
r-devel-linux-x86_64-debian-clang | 1.2.0 | 37.40 | 127.68 | 165.08 | OK | |
r-devel-linux-x86_64-debian-gcc | 1.2.0 | 25.63 | 91.35 | 116.98 | OK | |
r-devel-linux-x86_64-fedora-clang | 1.2.0 | 237.00 | 47.51 | 284.51 | NOTE | |
r-devel-linux-x86_64-fedora-gcc | 1.2.0 | 203.00 | 74.08 | 277.08 | NOTE | |
r-devel-windows-x86_64 | 1.2.0 | 46.00 | 138.00 | 184.00 | OK | |
r-patched-linux-x86_64 | 1.2.0 | 37.39 | 116.21 | 153.60 | OK | |
r-release-linux-x86_64 | 1.2.0 | 33.84 | 116.41 | 150.25 | OK | |
r-release-macos-arm64 | 1.2.0 | 14.00 | 40.00 | 54.00 | OK | |
r-release-macos-x86_64 | 1.2.0 | 34.00 | 98.00 | 132.00 | OK | |
r-release-windows-x86_64 | 1.2.0 | 50.00 | 138.00 | 188.00 | OK | |
r-oldrel-macos-arm64 | 1.2.0 | 8.00 | 31.00 | 39.00 | NOTE | |
r-oldrel-macos-x86_64 | 1.2.0 | 13.00 | 53.00 | 66.00 | NOTE | |
r-oldrel-windows-x86_64 | 1.2.0 | 56.00 | 180.00 | 236.00 | NOTE |
Version: 1.2.0
Check: dependencies in R code
Result: NOTE
Namespace in Imports field not imported from: ‘Rcpp’
All declared Imports should be used.
Flavors: r-devel-linux-x86_64-fedora-clang, r-devel-linux-x86_64-fedora-gcc
Version: 1.2.0
Check: for GNU extensions in Makefiles
Result: NOTE
GNU make is a SystemRequirements.
Flavors: r-oldrel-macos-arm64, r-oldrel-macos-x86_64, r-oldrel-windows-x86_64
These binaries (installable software) and packages are in development.
They may not be fully stable and should be used with caution. We make no claims about them.