Last updated on 2025-05-01 12:49:40 CEST.
Flavor | Version | Tinstall | Tcheck | Ttotal | Status | Flags |
---|---|---|---|---|---|---|
r-devel-linux-x86_64-debian-clang | 0.3.5 | 3.02 | 57.76 | 60.78 | NOTE | |
r-devel-linux-x86_64-debian-gcc | 0.3.5 | 2.06 | 40.71 | 42.77 | OK | |
r-devel-linux-x86_64-fedora-clang | 0.3.5 | 97.78 | OK | |||
r-devel-linux-x86_64-fedora-gcc | 0.3.5 | 84.12 | OK | |||
r-devel-windows-x86_64 | 0.3.5 | 5.00 | 70.00 | 75.00 | OK | |
r-patched-linux-x86_64 | 0.3.5 | 3.12 | 52.06 | 55.18 | OK | |
r-release-linux-x86_64 | OK | |||||
r-release-macos-arm64 | 0.3.5 | 32.00 | OK | |||
r-release-macos-x86_64 | 0.3.5 | 56.00 | OK | |||
r-release-windows-x86_64 | 0.3.5 | 6.00 | 66.00 | 72.00 | OK | |
r-oldrel-macos-arm64 | 0.3.5 | 38.00 | OK | |||
r-oldrel-macos-x86_64 | 0.3.5 | 64.00 | OK | |||
r-oldrel-windows-x86_64 | 0.3.5 | 6.00 | 73.00 | 79.00 | OK |
Version: 0.3.5
Check: examples
Result: NOTE
Examples with CPU (user + system) or elapsed time > 5s
user system elapsed
load_ethoscope 4.312 0.172 5.24
Flavor: r-devel-linux-x86_64-debian-clang
These binaries (installable software) and packages are in development.
They may not be fully stable and should be used with caution. We make no claims about them.