CRAN Package Check Results for Package scorecardModelUtils

Last updated on 2025-02-16 08:51:00 CET.

Flavor Version Tinstall Tcheck Ttotal Status Flags
r-devel-linux-x86_64-debian-clang 0.0.1.0 12.56 91.48 104.04 OK
r-devel-linux-x86_64-debian-gcc 0.0.1.0 8.83 65.50 74.33 OK
r-devel-linux-x86_64-fedora-clang 0.0.1.0 167.42 OK
r-devel-linux-x86_64-fedora-gcc 0.0.1.0 154.56 OK
r-devel-macos-arm64 0.0.1.0 50.00 OK
r-devel-macos-x86_64 0.0.1.0 84.00 OK
r-devel-windows-x86_64 0.0.1.0 15.00 102.00 117.00 OK
r-patched-linux-x86_64 0.0.1.0 12.23 83.97 96.20 NOTE
r-release-linux-x86_64 0.0.1.0 10.69 84.42 95.11 NOTE
r-release-macos-arm64 0.0.1.0 46.00 NOTE
r-release-macos-x86_64 0.0.1.0 65.00 NOTE
r-release-windows-x86_64 0.0.1.0 13.00 110.00 123.00 NOTE
r-oldrel-macos-arm64 0.0.1.0 48.00 NOTE
r-oldrel-macos-x86_64 0.0.1.0 79.00 NOTE
r-oldrel-windows-x86_64 0.0.1.0 16.00 130.00 146.00 NOTE

Check Details

Version: 0.0.1.0
Check: LazyData
Result: NOTE 'LazyData' is specified without a 'data' directory Flavors: r-patched-linux-x86_64, r-release-linux-x86_64, r-release-macos-arm64, r-release-macos-x86_64, r-release-windows-x86_64, r-oldrel-macos-arm64, r-oldrel-macos-x86_64, r-oldrel-windows-x86_64

These binaries (installable software) and packages are in development.
They may not be fully stable and should be used with caution. We make no claims about them.