Last updated on 2025-11-13 17:50:48 CET.
| Flavor | Version | Tinstall | Tcheck | Ttotal | Status | Flags |
|---|---|---|---|---|---|---|
| r-devel-linux-x86_64-debian-clang | 0.1.2 | 28.78 | 31.82 | 60.60 | NOTE | |
| r-devel-linux-x86_64-debian-gcc | 0.1.2 | 22.71 | 25.38 | 48.09 | NOTE | |
| r-devel-linux-x86_64-fedora-clang | 0.1.2 | 65.00 | 45.41 | 110.41 | OK | |
| r-devel-linux-x86_64-fedora-gcc | 0.1.2 | 81.00 | 46.15 | 127.15 | OK | |
| r-devel-windows-x86_64 | 0.1.2 | 34.00 | 65.00 | 99.00 | OK | |
| r-patched-linux-x86_64 | 0.1.2 | 32.65 | 30.73 | 63.38 | OK | |
| r-release-linux-x86_64 | 0.1.2 | 31.68 | 30.33 | 62.01 | OK | |
| r-release-macos-arm64 | 0.1.2 | 13.00 | 34.00 | 47.00 | OK | |
| r-release-macos-x86_64 | 0.1.2 | 12.00 | 46.00 | 58.00 | OK | |
| r-release-windows-x86_64 | 0.1.2 | 35.00 | 65.00 | 100.00 | OK | |
| r-oldrel-macos-arm64 | 0.1.2 | 13.00 | 25.00 | 38.00 | OK | |
| r-oldrel-macos-x86_64 | 0.1.2 | 11.00 | 37.00 | 48.00 | OK | |
| r-oldrel-windows-x86_64 | 0.1.2 | 34.00 | 81.00 | 115.00 | OK |
Version: 0.1.2
Check: CRAN incoming feasibility
Result: NOTE
Maintainer: ‘Shota Ochi <shotaochi1990@gmail.com>’
Found the following URLs which should use \doi (with the DOI name only):
File ‘ecgca102.Rd’:
https://doi.org/10.13026/C2X30H
Flavors: r-devel-linux-x86_64-debian-clang, r-devel-linux-x86_64-debian-gcc
These binaries (installable software) and packages are in development.
They may not be fully stable and should be used with caution. We make no claims about them.