Last updated on 2025-10-23 17:51:02 CEST.
Flavor | Version | Tinstall | Tcheck | Ttotal | Status | Flags |
---|---|---|---|---|---|---|
r-devel-linux-x86_64-debian-clang | 0.1.2 | 28.92 | 31.74 | 60.66 | NOTE | |
r-devel-linux-x86_64-debian-gcc | 0.1.2 | 23.03 | 26.43 | 49.46 | NOTE | |
r-devel-linux-x86_64-fedora-clang | 0.1.2 | 61.00 | 46.91 | 107.91 | OK | |
r-devel-linux-x86_64-fedora-gcc | 0.1.2 | 75.00 | 52.66 | 127.66 | OK | |
r-devel-windows-x86_64 | 0.1.2 | 34.00 | 65.00 | 99.00 | OK | |
r-patched-linux-x86_64 | 0.1.2 | 34.50 | 30.31 | 64.81 | OK | |
r-release-linux-x86_64 | 0.1.2 | 32.76 | 30.39 | 63.15 | OK | |
r-release-macos-arm64 | 0.1.2 | 13.00 | 34.00 | 47.00 | OK | |
r-release-macos-x86_64 | 0.1.2 | 12.00 | 46.00 | 58.00 | OK | |
r-release-windows-x86_64 | 0.1.2 | 36.00 | 67.00 | 103.00 | OK | |
r-oldrel-macos-arm64 | 0.1.2 | 13.00 | 25.00 | 38.00 | OK | |
r-oldrel-macos-x86_64 | 0.1.2 | 11.00 | 37.00 | 48.00 | OK | |
r-oldrel-windows-x86_64 | 0.1.2 | 36.00 | 81.00 | 117.00 | OK |
Version: 0.1.2
Check: CRAN incoming feasibility
Result: NOTE
Maintainer: ‘Shota Ochi <shotaochi1990@gmail.com>’
Found the following URLs which should use \doi (with the DOI name only):
File ‘ecgca102.Rd’:
https://doi.org/10.13026/C2X30H
Flavors: r-devel-linux-x86_64-debian-clang, r-devel-linux-x86_64-debian-gcc
These binaries (installable software) and packages are in development.
They may not be fully stable and should be used with caution. We make no claims about them.