Last updated on 2025-02-16 08:51:00 CET.
Flavor | Version | Tinstall | Tcheck | Ttotal | Status | Flags |
---|---|---|---|---|---|---|
r-devel-linux-x86_64-debian-clang | 1.1.3 | 46.96 | 219.19 | 266.15 | OK | |
r-devel-linux-x86_64-debian-gcc | 1.1.3 | 32.56 | 139.47 | 172.03 | OK | |
r-devel-linux-x86_64-fedora-clang | 1.1.3 | 456.06 | OK | |||
r-devel-linux-x86_64-fedora-gcc | 1.1.3 | 460.73 | OK | |||
r-devel-macos-arm64 | 1.1.3 | 120.00 | OK | |||
r-devel-macos-x86_64 | 1.1.3 | 227.00 | OK | |||
r-devel-windows-x86_64 | 1.1.3 | 50.00 | 289.00 | 339.00 | OK | |
r-patched-linux-x86_64 | 1.1.3 | 45.91 | 204.18 | 250.09 | OK | |
r-release-linux-x86_64 | 1.1.3 | 43.37 | 206.77 | 250.14 | OK | |
r-release-macos-arm64 | 1.1.3 | 131.00 | NOTE | |||
r-release-macos-x86_64 | 1.1.3 | 255.00 | NOTE | |||
r-release-windows-x86_64 | 1.1.3 | 51.00 | 302.00 | 353.00 | OK | |
r-oldrel-macos-arm64 | 1.1.3 | 144.00 | NOTE | |||
r-oldrel-macos-x86_64 | 1.1.3 | 246.00 | NOTE | |||
r-oldrel-windows-x86_64 | 1.1.3 | 62.00 | 387.00 | 449.00 | OK |
Version: 1.1.3
Check: installed package size
Result: NOTE
installed size is 6.1Mb
sub-directories of 1Mb or more:
libs 3.9Mb
Flavors: r-release-macos-arm64, r-release-macos-x86_64, r-oldrel-macos-arm64, r-oldrel-macos-x86_64
These binaries (installable software) and packages are in development.
They may not be fully stable and should be used with caution. We make no claims about them.