CRAN Package Check Results for Package scoringRules

Last updated on 2025-05-08 04:52:18 CEST.

Flavor Version Tinstall Tcheck Ttotal Status Flags
r-devel-linux-x86_64-debian-clang 1.1.3 48.55 223.84 272.39 OK
r-devel-linux-x86_64-debian-gcc 1.1.3 34.65 142.70 177.35 OK
r-devel-linux-x86_64-fedora-clang 1.1.3 465.84 OK
r-devel-linux-x86_64-fedora-gcc 1.1.3 470.23 OK
r-devel-windows-x86_64 1.1.3 56.00 287.00 343.00 OK
r-patched-linux-x86_64 1.1.3 48.73 210.86 259.59 OK
r-release-linux-x86_64 1.1.3 44.97 210.11 255.08 OK
r-release-macos-arm64 1.1.3 135.00 OK
r-release-macos-x86_64 1.1.3 238.00 OK
r-release-windows-x86_64 1.1.3 55.00 286.00 341.00 OK
r-oldrel-macos-arm64 1.1.3 131.00 NOTE
r-oldrel-macos-x86_64 1.1.3 255.00 NOTE
r-oldrel-windows-x86_64 1.1.3 65.00 360.00 425.00 OK

Check Details

Version: 1.1.3
Check: installed package size
Result: NOTE installed size is 6.1Mb sub-directories of 1Mb or more: libs 3.9Mb Flavors: r-oldrel-macos-arm64, r-oldrel-macos-x86_64

These binaries (installable software) and packages are in development.
They may not be fully stable and should be used with caution. We make no claims about them.