Last updated on 2025-07-01 11:49:30 CEST.
Flavor | Version | Tinstall | Tcheck | Ttotal | Status | Flags |
---|---|---|---|---|---|---|
r-devel-linux-x86_64-debian-clang | 0.1.0 | 23.60 | 212.14 | 235.74 | NOTE | |
r-devel-linux-x86_64-debian-gcc | 0.1.0 | 14.18 | 152.17 | 166.35 | NOTE | |
r-devel-linux-x86_64-fedora-clang | 0.1.0 | 393.22 | OK | |||
r-devel-linux-x86_64-fedora-gcc | 0.1.0 | 338.05 | OK | |||
r-devel-windows-x86_64 | 0.1.0 | 23.00 | 173.00 | 196.00 | OK | |
r-patched-linux-x86_64 | OK | |||||
r-release-linux-x86_64 | 0.1.0 | 22.90 | 201.66 | 224.56 | OK | |
r-release-macos-arm64 | 0.1.0 | 93.00 | OK | |||
r-release-macos-x86_64 | 0.1.0 | 310.00 | OK | |||
r-release-windows-x86_64 | 0.1.0 | 24.00 | 173.00 | 197.00 | OK | |
r-oldrel-macos-arm64 | 0.1.0 | 155.00 | OK | |||
r-oldrel-macos-x86_64 | 0.1.0 | 245.00 | OK | |||
r-oldrel-windows-x86_64 | 0.1.0 | 30.00 | 230.00 | 260.00 | OK |
Version: 0.1.0
Check: CRAN incoming feasibility
Result: NOTE
Maintainer: ‘Stefan Peidli <stefanpeidli@gmail.com>’
No Authors@R field in DESCRIPTION.
Please add one, modifying
Authors@R: person(given = "Stefan",
family = "Peidli",
role = c("aut", "cre"),
email = "stefanpeidli@gmail.com")
as necessary.
Flavors: r-devel-linux-x86_64-debian-clang, r-devel-linux-x86_64-debian-gcc
These binaries (installable software) and packages are in development.
They may not be fully stable and should be used with caution. We make no claims about them.