Last updated on 2025-05-08 04:52:18 CEST.
Flavor | Version | Tinstall | Tcheck | Ttotal | Status | Flags |
---|---|---|---|---|---|---|
r-devel-linux-x86_64-debian-clang | 0.1.0 | 24.15 | 212.54 | 236.69 | NOTE | |
r-devel-linux-x86_64-debian-gcc | 0.1.0 | 18.86 | 156.95 | 175.81 | NOTE | |
r-devel-linux-x86_64-fedora-clang | 0.1.0 | 384.09 | OK | |||
r-devel-linux-x86_64-fedora-gcc | 0.1.0 | 335.62 | OK | |||
r-devel-windows-x86_64 | 0.1.0 | 24.00 | 170.00 | 194.00 | OK | |
r-patched-linux-x86_64 | 0.1.0 | 19.74 | 197.75 | 217.49 | OK | |
r-release-linux-x86_64 | 0.1.0 | 20.73 | 195.63 | 216.36 | OK | |
r-release-macos-arm64 | 0.1.0 | 93.00 | OK | |||
r-release-macos-x86_64 | 0.1.0 | 310.00 | OK | |||
r-release-windows-x86_64 | 0.1.0 | 24.00 | 173.00 | 197.00 | OK | |
r-oldrel-macos-arm64 | 0.1.0 | 155.00 | OK | |||
r-oldrel-macos-x86_64 | 0.1.0 | 245.00 | OK | |||
r-oldrel-windows-x86_64 | 0.1.0 | 31.00 | 227.00 | 258.00 | OK |
Version: 0.1.0
Check: CRAN incoming feasibility
Result: NOTE
Maintainer: ‘Stefan Peidli <stefanpeidli@gmail.com>’
No Authors@R field in DESCRIPTION.
Please add one, modifying
Authors@R: person(given = "Stefan",
family = "Peidli",
role = c("aut", "cre"),
email = "stefanpeidli@gmail.com")
as necessary.
Flavors: r-devel-linux-x86_64-debian-clang, r-devel-linux-x86_64-debian-gcc
These binaries (installable software) and packages are in development.
They may not be fully stable and should be used with caution. We make no claims about them.