CRAN Package Check Results for Package scraEP

Last updated on 2025-07-25 01:49:39 CEST.

Flavor Version Tinstall Tcheck Ttotal Status Flags
r-devel-linux-x86_64-debian-clang 1.2 1.54 20.69 22.23 NOTE
r-devel-linux-x86_64-debian-gcc 1.2 1.45 16.71 18.16 NOTE
r-devel-linux-x86_64-fedora-clang 1.2 35.00 OK
r-devel-linux-x86_64-fedora-gcc 1.2 32.55 OK
r-devel-windows-x86_64 1.2 3.00 54.00 57.00 OK
r-patched-linux-x86_64 1.2 1.98 19.23 21.21 OK
r-release-linux-x86_64 1.2 1.85 19.70 21.55 OK
r-release-macos-arm64 1.2 17.00 OK
r-release-macos-x86_64 1.2 25.00 OK
r-release-windows-x86_64 1.2 4.00 45.00 49.00 OK
r-oldrel-macos-arm64 1.2 13.00 OK
r-oldrel-macos-x86_64 1.2 21.00 OK
r-oldrel-windows-x86_64 1.2 5.00 45.00 50.00 OK

Check Details

Version: 1.2
Check: CRAN incoming feasibility
Result: NOTE Maintainer: ‘Julien Boelaert <jubo.stats@gmail.com>’ No Authors@R field in DESCRIPTION. Please add one, modifying Authors@R: person(given = "Julien", family = "Boelaert", role = c("aut", "cre"), email = "jubo.stats@gmail.com") as necessary. Flavors: r-devel-linux-x86_64-debian-clang, r-devel-linux-x86_64-debian-gcc

These binaries (installable software) and packages are in development.
They may not be fully stable and should be used with caution. We make no claims about them.