CRAN Package Check Results for Package scraEP

Last updated on 2025-11-13 17:50:48 CET.

Flavor Version Tinstall Tcheck Ttotal Status Flags
r-devel-linux-x86_64-debian-clang 1.2 1.93 21.78 23.71 NOTE
r-devel-linux-x86_64-debian-gcc 1.2 1.56 18.03 19.59 NOTE
r-devel-linux-x86_64-fedora-clang 1.2 35.47 OK
r-devel-linux-x86_64-fedora-gcc 1.2 33.41 OK
r-devel-windows-x86_64 1.2 5.00 40.00 45.00 OK
r-patched-linux-x86_64 1.2 2.01 20.39 22.40 OK
r-release-linux-x86_64 1.2 1.53 20.69 22.22 OK
r-release-macos-arm64 1.2 1.00 16.00 17.00 OK
r-release-macos-x86_64 1.2 2.00 23.00 25.00 OK
r-release-windows-x86_64 1.2 5.00 39.00 44.00 OK
r-oldrel-macos-arm64 1.2 1.00 12.00 13.00 OK
r-oldrel-macos-x86_64 1.2 2.00 19.00 21.00 OK
r-oldrel-windows-x86_64 1.2 4.00 44.00 48.00 OK

Check Details

Version: 1.2
Check: CRAN incoming feasibility
Result: NOTE Maintainer: ‘Julien Boelaert <jubo.stats@gmail.com>’ No Authors@R field in DESCRIPTION. Please add one, modifying Authors@R: person(given = "Julien", family = "Boelaert", role = c("aut", "cre"), email = "jubo.stats@gmail.com") as necessary. Flavors: r-devel-linux-x86_64-debian-clang, r-devel-linux-x86_64-debian-gcc

These binaries (installable software) and packages are in development.
They may not be fully stable and should be used with caution. We make no claims about them.