Last updated on 2025-02-16 08:51:00 CET.
Flavor | Version | Tinstall | Tcheck | Ttotal | Status | Flags |
---|---|---|---|---|---|---|
r-devel-linux-x86_64-debian-clang | 0.9.1 | 2.84 | 29.58 | 32.42 | NOTE | |
r-devel-linux-x86_64-debian-gcc | 0.9.1 | 1.61 | 22.74 | 24.35 | NOTE | |
r-devel-linux-x86_64-fedora-clang | 0.9.1 | 51.48 | NOTE | |||
r-devel-linux-x86_64-fedora-gcc | 0.9.1 | 48.61 | NOTE | |||
r-devel-macos-arm64 | 0.9.1 | 21.00 | OK | |||
r-devel-macos-x86_64 | 0.9.1 | 35.00 | NOTE | |||
r-devel-windows-x86_64 | 0.9.1 | 5.00 | 65.00 | 70.00 | NOTE | |
r-patched-linux-x86_64 | 0.9.1 | 3.11 | 27.72 | 30.83 | OK | |
r-release-linux-x86_64 | 0.9.1 | 2.79 | 27.52 | 30.31 | OK | |
r-release-macos-arm64 | 0.9.1 | 20.00 | OK | |||
r-release-macos-x86_64 | 0.9.1 | 35.00 | OK | |||
r-release-windows-x86_64 | 0.9.1 | 5.00 | 71.00 | 76.00 | OK | |
r-oldrel-macos-arm64 | 0.9.1 | 25.00 | OK | |||
r-oldrel-macos-x86_64 | 0.9.1 | 36.00 | OK | |||
r-oldrel-windows-x86_64 | 0.9.1 | 6.00 | 108.00 | 114.00 | OK |
Version: 0.9.1
Check: DESCRIPTION meta-information
Result: NOTE
Missing dependency on R >= 4.1.0 because package code uses the pipe
|> or function shorthand \(...) syntax added in R 4.1.0.
File(s) using such syntax:
‘clipboard.R’ ‘display.R’ ‘locate_image.R’ ‘screenshot.R’
Flavors: r-devel-linux-x86_64-debian-clang, r-devel-linux-x86_64-debian-gcc, r-devel-linux-x86_64-fedora-clang, r-devel-linux-x86_64-fedora-gcc, r-devel-macos-x86_64, r-devel-windows-x86_64
These binaries (installable software) and packages are in development.
They may not be fully stable and should be used with caution. We make no claims about them.