Last updated on 2025-11-12 18:50:45 CET.
| Flavor | Version | Tinstall | Tcheck | Ttotal | Status | Flags |
|---|---|---|---|---|---|---|
| r-devel-linux-x86_64-debian-clang | 0.2.2 | 54.77 | 100.90 | 155.67 | OK | |
| r-devel-linux-x86_64-debian-gcc | 0.2.2 | 39.11 | 75.09 | 114.20 | OK | |
| r-devel-linux-x86_64-fedora-clang | 0.2.2 | 97.00 | 149.57 | 246.57 | OK | |
| r-devel-linux-x86_64-fedora-gcc | 0.2.2 | 119.00 | 126.69 | 245.69 | OK | |
| r-devel-windows-x86_64 | 0.2.2 | 56.00 | 115.00 | 171.00 | OK | |
| r-patched-linux-x86_64 | 0.2.2 | 56.39 | 95.42 | 151.81 | OK | |
| r-release-linux-x86_64 | 0.2.2 | 56.96 | 94.21 | 151.17 | OK | |
| r-release-macos-arm64 | 0.2.2 | 23.00 | 40.00 | 63.00 | OK | |
| r-release-macos-x86_64 | 0.2.2 | 39.00 | 67.00 | 106.00 | OK | |
| r-release-windows-x86_64 | 0.2.2 | 57.00 | 116.00 | 173.00 | OK | |
| r-oldrel-macos-arm64 | 0.2.2 | 24.00 | 48.00 | 72.00 | NOTE | |
| r-oldrel-macos-x86_64 | 0.2.2 | 34.00 | 71.00 | 105.00 | NOTE | |
| r-oldrel-windows-x86_64 | 0.2.2 | 70.00 | 151.00 | 221.00 | OK |
Version: 0.2.2
Check: installed package size
Result: NOTE
installed size is 20.7Mb
sub-directories of 1Mb or more:
libs 20.2Mb
Flavors: r-oldrel-macos-arm64, r-oldrel-macos-x86_64
These binaries (installable software) and packages are in development.
They may not be fully stable and should be used with caution. We make no claims about them.