CRAN Package Check Results for Package scrime

Last updated on 2025-05-01 12:49:40 CEST.

Flavor Version Tinstall Tcheck Ttotal Status Flags
r-devel-linux-x86_64-debian-clang 1.3.5 5.78 50.79 56.57 NOTE
r-devel-linux-x86_64-debian-gcc 1.3.5 3.87 36.89 40.76 NOTE
r-devel-linux-x86_64-fedora-clang 1.3.5 97.96 NOTE
r-devel-linux-x86_64-fedora-gcc 1.3.5 83.64 NOTE
r-devel-windows-x86_64 1.3.5 7.00 76.00 83.00 NOTE
r-patched-linux-x86_64 1.3.5 7.75 47.11 54.86 NOTE
r-release-linux-x86_64 NOTE
r-release-macos-arm64 1.3.5 32.00 NOTE
r-release-macos-x86_64 1.3.5 42.00 NOTE
r-release-windows-x86_64 1.3.5 7.00 79.00 86.00 NOTE
r-oldrel-macos-arm64 1.3.5 24.00 NOTE
r-oldrel-macos-x86_64 1.3.5 38.00 NOTE
r-oldrel-windows-x86_64 1.3.5 7.00 78.00 85.00 NOTE

Check Details

Version: 1.3.5
Check: CRAN incoming feasibility
Result: NOTE Maintainer: ‘Holger Schwender <holger.schw@gmx.de>’ No Authors@R field in DESCRIPTION. Please add one, modifying Authors@R: c(person(given = "Holger", family = "Schwender", role = c("aut", "cre"), email = "holger.schw@gmx.de"), person(given = c("with", "a", "contribution", "of", "Arno"), family = "Fritsch", role = "aut")) as necessary. Flavors: r-devel-linux-x86_64-debian-clang, r-devel-linux-x86_64-debian-gcc

Version: 1.3.5
Check: Rd files
Result: NOTE checkRd: (-1) simulateSNPs.Rd:46: Escaped LaTeX specials: \& \& \& checkRd: (-1) simulateSNPs.Rd:80: Escaped LaTeX specials: \& \& \& Flavors: r-devel-linux-x86_64-debian-clang, r-devel-linux-x86_64-debian-gcc, r-devel-linux-x86_64-fedora-clang, r-devel-linux-x86_64-fedora-gcc, r-devel-windows-x86_64, r-patched-linux-x86_64, r-release-linux-x86_64, r-release-macos-arm64, r-release-macos-x86_64, r-release-windows-x86_64, r-oldrel-macos-arm64, r-oldrel-macos-x86_64, r-oldrel-windows-x86_64

These binaries (installable software) and packages are in development.
They may not be fully stable and should be used with caution. We make no claims about them.