CRAN Package Check Results for Package scriptexec

Last updated on 2025-10-23 21:51:40 CEST.

Flavor Version Tinstall Tcheck Ttotal Status Flags
r-devel-linux-x86_64-debian-clang 0.3.1 1.71 29.76 31.47 NOTE
r-devel-linux-x86_64-debian-gcc 0.3.1 1.39 24.00 25.39 NOTE
r-devel-linux-x86_64-fedora-clang 0.3.1 46.39 OK
r-devel-linux-x86_64-fedora-gcc 0.3.1 59.30 OK
r-devel-windows-x86_64 0.3.1 2.00 59.00 61.00 OK
r-patched-linux-x86_64 0.3.1 1.97 27.14 29.11 OK
r-release-linux-x86_64 0.3.1 1.68 26.82 28.50 OK
r-release-macos-arm64 0.3.1 1.00 53.00 54.00 OK
r-release-macos-x86_64 0.3.1 2.00 41.00 43.00 OK
r-release-windows-x86_64 0.3.1 3.00 61.00 64.00 OK
r-oldrel-macos-arm64 0.3.1 1.00 22.00 23.00 OK
r-oldrel-macos-x86_64 0.3.1 1.00 35.00 36.00 OK
r-oldrel-windows-x86_64 0.3.1 5.00 69.00 74.00 OK

Check Details

Version: 0.3.1
Check: CRAN incoming feasibility
Result: NOTE Maintainer: ‘Sagie Gur-Ari <sagiegurari@gmail.com>’ Found the following (possibly) invalid file URIs: URI: docs/api.md From: README.md URI: .github/CONTRIBUTING.md From: README.md Flavors: r-devel-linux-x86_64-debian-clang, r-devel-linux-x86_64-debian-gcc

These binaries (installable software) and packages are in development.
They may not be fully stable and should be used with caution. We make no claims about them.