Last updated on 2025-05-22 03:50:50 CEST.
Flavor | Version | Tinstall | Tcheck | Ttotal | Status | Flags |
---|---|---|---|---|---|---|
r-devel-linux-x86_64-debian-clang | 1.0.0 | 1.59 | 20.41 | 22.00 | NOTE | |
r-devel-linux-x86_64-debian-gcc | 1.0.0 | 1.29 | 16.80 | 18.09 | NOTE | |
r-devel-linux-x86_64-fedora-clang | 1.0.0 | 35.39 | NOTE | |||
r-devel-linux-x86_64-fedora-gcc | 1.0.0 | 46.84 | NOTE | |||
r-devel-windows-x86_64 | 1.0.0 | 3.00 | 57.00 | 60.00 | NOTE | |
r-patched-linux-x86_64 | 1.0.0 | 1.66 | 19.32 | 20.98 | NOTE | |
r-release-linux-x86_64 | 1.0.0 | 1.58 | 19.42 | 21.00 | NOTE | |
r-release-macos-arm64 | 1.0.0 | 52.00 | NOTE | |||
r-release-macos-x86_64 | 1.0.0 | 38.00 | NOTE | |||
r-release-windows-x86_64 | 1.0.0 | 3.00 | 73.00 | 76.00 | NOTE | |
r-oldrel-macos-arm64 | 1.0.0 | 20.00 | NOTE | |||
r-oldrel-macos-x86_64 | 1.0.0 | 30.00 | NOTE | |||
r-oldrel-windows-x86_64 | 1.0.0 | 3.00 | 45.00 | 48.00 | NOTE |
Version: 1.0.0
Check: Rd files
Result: NOTE
checkRd: (-1) scriptloc.Rd:5: Lost braces; missing escapes or markup?
5 | \title{Get location of script in a fashion analagous to ${BASH_SOURCE[0]}}
| ^
Flavors: r-devel-linux-x86_64-debian-clang, r-devel-linux-x86_64-debian-gcc, r-devel-linux-x86_64-fedora-clang, r-devel-linux-x86_64-fedora-gcc, r-devel-windows-x86_64, r-patched-linux-x86_64, r-release-linux-x86_64, r-release-macos-arm64, r-release-macos-x86_64, r-release-windows-x86_64, r-oldrel-macos-arm64, r-oldrel-macos-x86_64, r-oldrel-windows-x86_64
These binaries (installable software) and packages are in development.
They may not be fully stable and should be used with caution. We make no claims about them.