CRAN Package Check Results for Package scriptloc

Last updated on 2025-07-19 15:51:25 CEST.

Flavor Version Tinstall Tcheck Ttotal Status Flags
r-devel-linux-x86_64-debian-clang 1.0.0 1.61 21.53 23.14 NOTE
r-devel-linux-x86_64-debian-gcc 1.0.0 1.42 17.04 18.46 NOTE
r-devel-linux-x86_64-fedora-clang 1.0.0 36.24 NOTE
r-devel-linux-x86_64-fedora-gcc 1.0.0 47.19 NOTE
r-devel-windows-x86_64 1.0.0 3.00 41.00 44.00 NOTE
r-patched-linux-x86_64 1.0.0 1.67 19.52 21.19 NOTE
r-release-linux-x86_64 1.0.0 1.49 19.95 21.44 NOTE
r-release-macos-arm64 1.0.0 52.00 NOTE
r-release-macos-x86_64 1.0.0 38.00 NOTE
r-release-windows-x86_64 1.0.0 3.00 42.00 45.00 NOTE
r-oldrel-macos-arm64 1.0.0 20.00 NOTE
r-oldrel-macos-x86_64 1.0.0 30.00 NOTE
r-oldrel-windows-x86_64 1.0.0 3.00 46.00 49.00 NOTE

Check Details

Version: 1.0.0
Check: Rd files
Result: NOTE checkRd: (-1) scriptloc.Rd:5: Lost braces; missing escapes or markup? 5 | \title{Get location of script in a fashion analagous to ${BASH_SOURCE[0]}} | ^ Flavors: r-devel-linux-x86_64-debian-clang, r-devel-linux-x86_64-debian-gcc, r-devel-linux-x86_64-fedora-clang, r-devel-linux-x86_64-fedora-gcc, r-devel-windows-x86_64, r-patched-linux-x86_64, r-release-linux-x86_64, r-release-macos-arm64, r-release-macos-x86_64, r-release-windows-x86_64, r-oldrel-macos-arm64, r-oldrel-macos-x86_64, r-oldrel-windows-x86_64

These binaries (installable software) and packages are in development.
They may not be fully stable and should be used with caution. We make no claims about them.