CRAN Package Check Results for Package scrobbler

Last updated on 2025-05-24 07:49:37 CEST.

Flavor Version Tinstall Tcheck Ttotal Status Flags
r-devel-linux-x86_64-debian-clang 1.0.3 1.59 23.38 24.97 NOTE
r-devel-linux-x86_64-debian-gcc 1.0.3 1.39 19.01 20.40 NOTE
r-devel-linux-x86_64-fedora-clang 1.0.3 40.62 OK
r-devel-linux-x86_64-fedora-gcc 1.0.3 53.19 OK
r-devel-windows-x86_64 1.0.3 4.00 46.00 50.00 OK
r-patched-linux-x86_64 1.0.3 1.63 22.59 24.22 OK
r-release-linux-x86_64 1.0.3 1.64 22.82 24.46 OK
r-release-macos-arm64 1.0.3 34.00 OK
r-release-macos-x86_64 1.0.3 45.00 OK
r-release-windows-x86_64 1.0.3 5.00 81.00 86.00 OK
r-oldrel-macos-arm64 1.0.3 27.00 OK
r-oldrel-macos-x86_64 1.0.3 35.00 OK
r-oldrel-windows-x86_64 1.0.3 4.00 50.00 54.00 OK

Check Details

Version: 1.0.3
Check: CRAN incoming feasibility
Result: NOTE Maintainer: ‘Conor Neilson <condwanaland@gmail.com>’ No Authors@R field in DESCRIPTION. Please add one, modifying Authors@R: person(given = "Conor", family = "Neilson", role = c("aut", "cre"), email = "condwanaland@gmail.com") as necessary. Flavors: r-devel-linux-x86_64-debian-clang, r-devel-linux-x86_64-debian-gcc

These binaries (installable software) and packages are in development.
They may not be fully stable and should be used with caution. We make no claims about them.