Last updated on 2024-07-27 15:50:33 CEST.
Flavor | Version | Tinstall | Tcheck | Ttotal | Status | Flags |
---|---|---|---|---|---|---|
r-devel-linux-x86_64-debian-clang | 3.2.4 | 9.87 | 25.87 | 35.74 | NOTE | |
r-devel-linux-x86_64-debian-gcc | 3.2.4 | NOTE | ||||
r-devel-linux-x86_64-fedora-clang | 3.2.4 | 48.71 | NOTE | |||
r-devel-linux-x86_64-fedora-gcc | 3.2.4 | 53.42 | NOTE | |||
r-devel-windows-x86_64 | 3.2.4 | 31.00 | 45.00 | 76.00 | NOTE | |
r-patched-linux-x86_64 | 3.2.4 | NOTE | ||||
r-release-linux-x86_64 | 3.2.4 | 12.94 | 24.97 | 37.91 | NOTE | |
r-release-macos-arm64 | 3.2.4 | 20.00 | NOTE | |||
r-release-macos-x86_64 | 3.2.4 | 34.00 | NOTE | |||
r-release-windows-x86_64 | 3.2.4 | 31.00 | 45.00 | 76.00 | NOTE | |
r-oldrel-macos-arm64 | 3.2.4 | 22.00 | NOTE | |||
r-oldrel-macos-x86_64 | 3.2.4 | 30.00 | NOTE | |||
r-oldrel-windows-x86_64 | 3.2.4 | 33.00 | 48.00 | 81.00 | NOTE |
Version: 3.2.4
Check: for GNU extensions in Makefiles
Result: NOTE
GNU make is a SystemRequirements.
Flavors: r-devel-linux-x86_64-debian-clang, r-devel-linux-x86_64-debian-gcc, r-devel-linux-x86_64-fedora-clang, r-devel-linux-x86_64-fedora-gcc, r-devel-windows-x86_64, r-patched-linux-x86_64, r-release-linux-x86_64, r-release-macos-arm64, r-release-macos-x86_64, r-release-windows-x86_64, r-oldrel-macos-arm64, r-oldrel-macos-x86_64, r-oldrel-windows-x86_64
These binaries (installable software) and packages are in development.
They may not be fully stable and should be used with caution. We make no claims about them.