Last updated on 2025-05-01 14:49:22 CEST.
Flavor | Version | Tinstall | Tcheck | Ttotal | Status | Flags |
---|---|---|---|---|---|---|
r-devel-linux-x86_64-debian-clang | 3.2.7 | 9.07 | 21.18 | 30.25 | OK | |
r-devel-linux-x86_64-debian-gcc | 3.2.7 | 9.21 | 17.67 | 26.88 | OK | |
r-devel-linux-x86_64-fedora-clang | 3.2.7 | 50.02 | OK | |||
r-devel-linux-x86_64-fedora-gcc | 3.2.7 | 53.05 | OK | |||
r-devel-windows-x86_64 | 3.2.7 | 40.00 | 58.00 | 98.00 | OK | |
r-patched-linux-x86_64 | 3.2.7 | 11.78 | 20.39 | 32.17 | OK | |
r-release-linux-x86_64 | OK | |||||
r-release-macos-arm64 | 3.2.7 | 44.00 | OK | |||
r-release-macos-x86_64 | 3.2.7 | 65.00 | OK | |||
r-release-windows-x86_64 | 3.2.7 | 39.00 | 54.00 | 93.00 | OK | |
r-oldrel-macos-arm64 | 3.2.7 | 40.00 | NOTE | |||
r-oldrel-macos-x86_64 | 3.2.7 | 58.00 | NOTE | |||
r-oldrel-windows-x86_64 | 3.2.7 | 1.00 | 6.00 | 7.00 | ERROR |
Version: 3.2.7
Check: for GNU extensions in Makefiles
Result: NOTE
GNU make is a SystemRequirements.
Flavors: r-oldrel-macos-arm64, r-oldrel-macos-x86_64
Version: 3.2.7
Check: whether package can be installed
Result: ERROR
Installation failed.
Flavor: r-oldrel-windows-x86_64
These binaries (installable software) and packages are in development.
They may not be fully stable and should be used with caution. We make no claims about them.