Last updated on 2025-02-23 07:52:09 CET.
Flavor | Version | Tinstall | Tcheck | Ttotal | Status | Flags |
---|---|---|---|---|---|---|
r-devel-linux-x86_64-debian-clang | 0.4.1 | 36.82 | 102.82 | 139.64 | OK | |
r-devel-linux-x86_64-debian-gcc | 0.4.1 | 25.97 | 68.98 | 94.95 | OK | |
r-devel-linux-x86_64-fedora-clang | 0.4.1 | 248.02 | OK | |||
r-devel-linux-x86_64-fedora-gcc | 0.4.1 | 241.40 | OK | |||
r-devel-macos-arm64 | 0.4.1 | 58.00 | OK | |||
r-devel-macos-x86_64 | 0.4.1 | 125.00 | OK | |||
r-devel-windows-x86_64 | 0.4.1 | 38.00 | 129.00 | 167.00 | OK | |
r-patched-linux-x86_64 | 0.4.1 | 35.82 | 91.91 | 127.73 | OK | |
r-release-linux-x86_64 | 0.4.1 | 35.37 | 94.86 | 130.23 | OK | |
r-release-macos-arm64 | 0.4.1 | 56.00 | NOTE | |||
r-release-macos-x86_64 | 0.4.1 | 88.00 | OK | |||
r-release-windows-x86_64 | 0.4.1 | 39.00 | 129.00 | 168.00 | OK | |
r-oldrel-macos-arm64 | 0.4.1 | 62.00 | NOTE | |||
r-oldrel-macos-x86_64 | 0.4.1 | 128.00 | NOTE | |||
r-oldrel-windows-x86_64 | 0.4.1 | 46.00 | 162.00 | 208.00 | OK |
Version: 0.4.1
Check: package dependencies
Result: NOTE
Package which this enhances but not available for checking: ‘glmGamPoi’
Flavors: r-release-macos-arm64, r-oldrel-macos-arm64, r-oldrel-macos-x86_64
These binaries (installable software) and packages are in development.
They may not be fully stable and should be used with caution. We make no claims about them.