Last updated on 2025-05-01 08:52:45 CEST.
Flavor | Version | Tinstall | Tcheck | Ttotal | Status | Flags |
---|---|---|---|---|---|---|
r-devel-linux-x86_64-debian-clang | 1.0-0 | 9.40 | 78.61 | 88.01 | NOTE | |
r-devel-linux-x86_64-debian-gcc | 1.0-0 | 6.86 | 58.29 | 65.15 | NOTE | |
r-devel-linux-x86_64-fedora-clang | 1.0-0 | 139.86 | NOTE | |||
r-devel-linux-x86_64-fedora-gcc | 1.0-0 | 130.89 | NOTE | |||
r-devel-windows-x86_64 | 1.0-0 | 11.00 | 93.00 | 104.00 | NOTE | |
r-patched-linux-x86_64 | 1.0-0 | 8.24 | 76.80 | 85.04 | NOTE | |
r-release-linux-x86_64 | NOTE | |||||
r-release-macos-arm64 | 1.0-0 | 38.00 | NOTE | |||
r-release-macos-x86_64 | 1.0-0 | 92.00 | NOTE | |||
r-release-windows-x86_64 | 1.0-0 | 11.00 | 98.00 | 109.00 | NOTE | |
r-oldrel-macos-arm64 | 1.0-0 | 38.00 | NOTE | |||
r-oldrel-macos-x86_64 | 1.0-0 | 57.00 | NOTE | |||
r-oldrel-windows-x86_64 | 1.0-0 | 12.00 | 108.00 | 120.00 | NOTE |
Version: 1.0-0
Check: Rd files
Result: NOTE
checkRd: (-1) hyperpar.Rd:17: Lost braces
17 | \item{c}{denotes the expected range of eqn{f} .}
| ^
Flavors: r-devel-linux-x86_64-debian-clang, r-devel-linux-x86_64-debian-gcc, r-devel-linux-x86_64-fedora-clang, r-devel-linux-x86_64-fedora-gcc, r-devel-windows-x86_64, r-patched-linux-x86_64, r-release-linux-x86_64, r-release-macos-arm64, r-release-macos-x86_64, r-release-windows-x86_64, r-oldrel-macos-arm64, r-oldrel-macos-x86_64, r-oldrel-windows-x86_64
Version: 1.0-0
Check: LazyData
Result: NOTE
'LazyData' is specified without a 'data' directory
Flavors: r-oldrel-macos-arm64, r-oldrel-macos-x86_64, r-oldrel-windows-x86_64
These binaries (installable software) and packages are in development.
They may not be fully stable and should be used with caution. We make no claims about them.