Last updated on 2025-10-03 13:49:47 CEST.
Flavor | Version | Tinstall | Tcheck | Ttotal | Status | Flags |
---|---|---|---|---|---|---|
r-devel-linux-x86_64-debian-clang | 0.2.0 | 4.88 | 45.36 | 50.24 | NOTE | |
r-devel-linux-x86_64-debian-gcc | 0.2.0 | 3.42 | 33.54 | 36.96 | NOTE | |
r-devel-linux-x86_64-fedora-clang | 0.2.0 | 78.18 | NOTE | |||
r-devel-linux-x86_64-fedora-gcc | 0.2.0 | 73.25 | NOTE | |||
r-devel-windows-x86_64 | 0.2.0 | 8.00 | 64.00 | 72.00 | NOTE | |
r-patched-linux-x86_64 | 0.2.0 | 5.78 | 42.79 | 48.57 | NOTE | |
r-release-linux-x86_64 | 0.2.0 | 5.06 | 42.57 | 47.63 | NOTE | |
r-release-macos-arm64 | 0.2.0 | 23.00 | NOTE | |||
r-release-macos-x86_64 | 0.2.0 | 37.00 | NOTE | |||
r-release-windows-x86_64 | 0.2.0 | 8.00 | 62.00 | 70.00 | NOTE | |
r-oldrel-macos-arm64 | 0.2.0 | 24.00 | NOTE | |||
r-oldrel-macos-x86_64 | 0.2.0 | 36.00 | NOTE | |||
r-oldrel-windows-x86_64 | 0.2.0 | 9.00 | 74.00 | 83.00 | NOTE |
Version: 0.2.0
Check: Rd files
Result: NOTE
checkRd: (-1) geom_flat_violin.Rd:7: Lost braces
7 | url{https://gist.github.com/dgrtwo/eb7750e74997891d7c20}
| ^
Flavors: r-devel-linux-x86_64-debian-clang, r-devel-linux-x86_64-debian-gcc, r-devel-linux-x86_64-fedora-clang, r-devel-linux-x86_64-fedora-gcc, r-devel-windows-x86_64, r-patched-linux-x86_64, r-release-linux-x86_64, r-release-macos-arm64, r-release-macos-x86_64, r-release-windows-x86_64, r-oldrel-macos-arm64, r-oldrel-macos-x86_64, r-oldrel-windows-x86_64
These binaries (installable software) and packages are in development.
They may not be fully stable and should be used with caution. We make no claims about them.