CRAN Package Check Results for Package sdamr

Last updated on 2025-02-16 08:51:00 CET.

Flavor Version Tinstall Tcheck Ttotal Status Flags
r-devel-linux-x86_64-debian-clang 0.2.0 3.88 35.63 39.51 NOTE
r-devel-linux-x86_64-debian-gcc 0.2.0 3.38 26.37 29.75 NOTE
r-devel-linux-x86_64-fedora-clang 0.2.0 65.16 NOTE
r-devel-linux-x86_64-fedora-gcc 0.2.0 60.86 NOTE
r-devel-macos-arm64 0.2.0 25.00 NOTE
r-devel-macos-x86_64 0.2.0 37.00 NOTE
r-devel-windows-x86_64 0.2.0 7.00 57.00 64.00 NOTE
r-patched-linux-x86_64 0.2.0 4.59 33.78 38.37 NOTE
r-release-linux-x86_64 0.2.0 4.23 33.80 38.03 NOTE
r-release-macos-arm64 0.2.0 24.00 NOTE
r-release-macos-x86_64 0.2.0 36.00 NOTE
r-release-windows-x86_64 0.2.0 6.00 67.00 73.00 NOTE
r-oldrel-macos-arm64 0.2.0 24.00 OK
r-oldrel-macos-x86_64 0.2.0 32.00 OK
r-oldrel-windows-x86_64 0.2.0 7.00 89.00 96.00 OK

Check Details

Version: 0.2.0
Check: Rd files
Result: NOTE checkRd: (-1) geom_flat_violin.Rd:7: Lost braces 7 | url{https://gist.github.com/dgrtwo/eb7750e74997891d7c20} | ^ Flavors: r-devel-linux-x86_64-debian-clang, r-devel-linux-x86_64-debian-gcc, r-devel-linux-x86_64-fedora-clang, r-devel-linux-x86_64-fedora-gcc, r-devel-macos-arm64, r-devel-macos-x86_64, r-devel-windows-x86_64, r-patched-linux-x86_64, r-release-linux-x86_64, r-release-macos-arm64, r-release-macos-x86_64, r-release-windows-x86_64

These binaries (installable software) and packages are in development.
They may not be fully stable and should be used with caution. We make no claims about them.