Last updated on 2025-02-16 08:51:00 CET.
Flavor | Version | Tinstall | Tcheck | Ttotal | Status | Flags |
---|---|---|---|---|---|---|
r-devel-linux-x86_64-debian-clang | 0.32.6 | 64.37 | 140.99 | 205.36 | OK | |
r-devel-linux-x86_64-debian-gcc | 0.32.6 | 45.98 | 100.25 | 146.23 | OK | |
r-devel-linux-x86_64-fedora-clang | 0.32.6 | 346.26 | OK | |||
r-devel-linux-x86_64-fedora-gcc | 0.32.6 | 346.66 | OK | |||
r-devel-macos-arm64 | 0.32.6 | 85.00 | OK | |||
r-devel-macos-x86_64 | 0.32.6 | 179.00 | OK | |||
r-devel-windows-x86_64 | 0.32.6 | 79.00 | 164.00 | 243.00 | OK | |
r-patched-linux-x86_64 | 0.32.6 | 67.65 | 129.72 | 197.37 | OK | |
r-release-linux-x86_64 | 0.32.6 | 67.92 | 129.82 | 197.74 | OK | |
r-release-macos-arm64 | 0.32.6 | 93.00 | NOTE | |||
r-release-macos-x86_64 | 0.32.6 | 138.00 | NOTE | |||
r-release-windows-x86_64 | 0.32.6 | 80.00 | 163.00 | 243.00 | OK | |
r-oldrel-macos-arm64 | 0.32.6 | 95.00 | NOTE | |||
r-oldrel-macos-x86_64 | 0.32.6 | 186.00 | NOTE | |||
r-oldrel-windows-x86_64 | 0.32.6 | 91.00 | 207.00 | 298.00 | OK |
Version: 0.32.6
Check: installed package size
Result: NOTE
installed size is 7.7Mb
sub-directories of 1Mb or more:
R 2.1Mb
libs 5.3Mb
Flavors: r-release-macos-arm64, r-release-macos-x86_64, r-oldrel-macos-arm64, r-oldrel-macos-x86_64
These binaries (installable software) and packages are in development.
They may not be fully stable and should be used with caution. We make no claims about them.