Last updated on 2025-02-16 08:51:00 CET.
Flavor | Version | Tinstall | Tcheck | Ttotal | Status | Flags |
---|---|---|---|---|---|---|
r-devel-linux-x86_64-debian-clang | 2.0.18 | 10.52 | 87.67 | 98.19 | NOTE | |
r-devel-linux-x86_64-debian-gcc | 2.0.18 | 7.70 | 64.25 | 71.95 | NOTE | |
r-devel-linux-x86_64-fedora-clang | 2.0.18 | 160.93 | NOTE | |||
r-devel-linux-x86_64-fedora-gcc | 2.0.18 | 161.85 | NOTE | |||
r-devel-macos-arm64 | 2.0.18 | 58.00 | NOTE | |||
r-devel-macos-x86_64 | 2.0.18 | 102.00 | NOTE | |||
r-devel-windows-x86_64 | 2.0.18 | 15.00 | 116.00 | 131.00 | NOTE | |
r-patched-linux-x86_64 | 2.0.18 | 9.91 | 82.06 | 91.97 | OK | |
r-release-linux-x86_64 | 2.0.18 | 10.42 | 84.10 | 94.52 | OK | |
r-release-macos-arm64 | 2.0.18 | 51.00 | OK | |||
r-release-macos-x86_64 | 2.0.18 | 74.00 | OK | |||
r-release-windows-x86_64 | 2.0.18 | 13.00 | 116.00 | 129.00 | OK | |
r-oldrel-macos-arm64 | 2.0.18 | 58.00 | OK | |||
r-oldrel-macos-x86_64 | 2.0.18 | 86.00 | OK | |||
r-oldrel-windows-x86_64 | 2.0.18 | 17.00 | 151.00 | 168.00 | OK |
Version: 2.0.18
Check: compiled code
Result: NOTE
File ‘sde/libs/sde.so’:
Found non-API call to R: ‘SET_TYPEOF’
Compiled code should not call non-API entry points in R.
See ‘Writing portable packages’ in the ‘Writing R Extensions’ manual,
and section ‘Moving into C API compliance’ for issues with the use of
non-API entry points.
Flavors: r-devel-linux-x86_64-debian-clang, r-devel-linux-x86_64-debian-gcc, r-devel-linux-x86_64-fedora-clang, r-devel-linux-x86_64-fedora-gcc, r-devel-macos-arm64, r-devel-macos-x86_64
Version: 2.0.18
Check: compiled code
Result: NOTE
File 'sde/libs/x64/sde.dll':
Found non-API call to R: 'SET_TYPEOF'
Compiled code should not call non-API entry points in R.
See 'Writing portable packages' in the 'Writing R Extensions' manual,
and section 'Moving into C API compliance' for issues with the use of
non-API entry points.
Flavor: r-devel-windows-x86_64
These binaries (installable software) and packages are in development.
They may not be fully stable and should be used with caution. We make no claims about them.