Last updated on 2024-07-27 15:50:33 CEST.
Flavor | Version | Tinstall | Tcheck | Ttotal | Status | Flags |
---|---|---|---|---|---|---|
r-devel-linux-x86_64-debian-clang | 0.1.10 | 144.31 | 75.36 | 219.67 | OK | |
r-devel-linux-x86_64-debian-gcc | 0.1.10 | OK | ||||
r-devel-linux-x86_64-fedora-clang | 0.1.10 | 356.99 | OK | |||
r-devel-linux-x86_64-fedora-gcc | 0.1.10 | 324.89 | OK | |||
r-devel-windows-x86_64 | 0.1.10 | 112.00 | 106.00 | 218.00 | OK | |
r-patched-linux-x86_64 | 0.1.10 | OK | ||||
r-release-linux-x86_64 | 0.1.10 | 119.89 | 70.15 | 190.04 | OK | |
r-release-macos-arm64 | 0.1.10 | 68.00 | NOTE | |||
r-release-macos-x86_64 | 0.1.10 | 76.00 | NOTE | |||
r-release-windows-x86_64 | 0.1.10 | 131.00 | 103.00 | 234.00 | OK | |
r-oldrel-macos-arm64 | 0.1.10 | 72.00 | NOTE | |||
r-oldrel-macos-x86_64 | 0.1.10 | 110.00 | NOTE | |||
r-oldrel-windows-x86_64 | 0.1.10 | 127.00 | 124.00 | 251.00 | OK |
Version: 0.1.10
Check: installed package size
Result: NOTE
installed size is 9.7Mb
sub-directories of 1Mb or more:
libs 8.8Mb
Flavors: r-release-macos-arm64, r-release-macos-x86_64, r-oldrel-macos-arm64, r-oldrel-macos-x86_64
These binaries (installable software) and packages are in development.
They may not be fully stable and should be used with caution. We make no claims about them.