Last updated on 2025-02-16 08:51:00 CET.
Flavor | Version | Tinstall | Tcheck | Ttotal | Status | Flags |
---|---|---|---|---|---|---|
r-devel-linux-x86_64-debian-clang | 0.1.10 | 105.52 | 57.17 | 162.69 | OK | |
r-devel-linux-x86_64-debian-gcc | 0.1.10 | 77.12 | 39.40 | 116.52 | OK | |
r-devel-linux-x86_64-fedora-clang | 0.1.10 | 311.13 | OK | |||
r-devel-linux-x86_64-fedora-gcc | 0.1.10 | 327.68 | OK | |||
r-devel-macos-arm64 | 0.1.10 | 63.00 | OK | |||
r-devel-macos-x86_64 | 0.1.10 | 91.00 | OK | |||
r-devel-windows-x86_64 | 0.1.10 | 107.00 | 113.00 | 220.00 | OK | |
r-patched-linux-x86_64 | 0.1.10 | 111.59 | 53.01 | 164.60 | OK | |
r-release-linux-x86_64 | 0.1.10 | 110.45 | 52.79 | 163.24 | OK | |
r-release-macos-arm64 | 0.1.10 | 68.00 | NOTE | |||
r-release-macos-x86_64 | 0.1.10 | 76.00 | NOTE | |||
r-release-windows-x86_64 | 0.1.10 | 110.00 | 106.00 | 216.00 | OK | |
r-oldrel-macos-arm64 | 0.1.10 | 72.00 | NOTE | |||
r-oldrel-macos-x86_64 | 0.1.10 | 110.00 | NOTE | |||
r-oldrel-windows-x86_64 | 0.1.10 | 136.00 | 121.00 | 257.00 | OK |
Version: 0.1.10
Check: installed package size
Result: NOTE
installed size is 9.7Mb
sub-directories of 1Mb or more:
libs 8.8Mb
Flavors: r-release-macos-arm64, r-release-macos-x86_64, r-oldrel-macos-arm64, r-oldrel-macos-x86_64
These binaries (installable software) and packages are in development.
They may not be fully stable and should be used with caution. We make no claims about them.