Last updated on 2025-11-12 18:50:45 CET.
| Flavor | Version | Tinstall | Tcheck | Ttotal | Status | Flags |
|---|---|---|---|---|---|---|
| r-devel-linux-x86_64-debian-clang | 1.2-59 | 66.60 | 309.09 | 375.69 | OK | |
| r-devel-linux-x86_64-debian-gcc | 1.2-59 | 39.80 | 190.31 | 230.11 | OK | |
| r-devel-linux-x86_64-fedora-clang | 1.2-59 | 145.00 | 467.32 | 612.32 | OK | |
| r-devel-linux-x86_64-fedora-gcc | 1.2-59 | 164.00 | 442.97 | 606.97 | OK | |
| r-devel-windows-x86_64 | 1.2-59 | 60.00 | 239.00 | 299.00 | OK | |
| r-patched-linux-x86_64 | 1.2-59 | 61.53 | 299.98 | 361.51 | OK | |
| r-release-linux-x86_64 | 1.2-59 | 65.82 | 296.07 | 361.89 | OK | |
| r-release-macos-arm64 | 1.2-59 | 26.00 | 107.00 | 133.00 | OK | |
| r-release-macos-x86_64 | 1.2-59 | 98.00 | 346.00 | 444.00 | OK | |
| r-release-windows-x86_64 | 1.2-59 | 59.00 | 238.00 | 297.00 | OK | |
| r-oldrel-macos-arm64 | 1.2-59 | 27.00 | 105.00 | 132.00 | NOTE | |
| r-oldrel-macos-x86_64 | 1.2-59 | 89.00 | 350.00 | 439.00 | NOTE | |
| r-oldrel-windows-x86_64 | 1.2-59 | 87.00 | 345.00 | 432.00 | OK |
Version: 1.2-59
Check: installed package size
Result: NOTE
installed size is 5.3Mb
sub-directories of 1Mb or more:
R 3.0Mb
external 1.2Mb
Flavors: r-oldrel-macos-arm64, r-oldrel-macos-x86_64
These binaries (installable software) and packages are in development.
They may not be fully stable and should be used with caution. We make no claims about them.