Last updated on 2025-07-02 03:50:52 CEST.
Flavor | Version | Tinstall | Tcheck | Ttotal | Status | Flags |
---|---|---|---|---|---|---|
r-devel-linux-x86_64-debian-clang | 1.2-55 | 61.72 | 312.91 | 374.63 | OK | |
r-devel-linux-x86_64-debian-gcc | 1.2-55 | 41.37 | 191.09 | 232.46 | OK | |
r-devel-linux-x86_64-fedora-clang | 1.2-55 | 611.02 | OK | |||
r-devel-linux-x86_64-fedora-gcc | 1.2-55 | 591.01 | OK | |||
r-devel-windows-x86_64 | 1.2-55 | 60.00 | 239.00 | 299.00 | OK | |
r-patched-linux-x86_64 | OK | |||||
r-release-linux-x86_64 | 1.2-55 | 58.25 | 299.10 | 357.35 | OK | |
r-release-macos-arm64 | 1.2-55 | 153.00 | OK | |||
r-release-macos-x86_64 | 1.2-55 | 301.00 | OK | |||
r-release-windows-x86_64 | 1.2-55 | 58.00 | 241.00 | 299.00 | OK | |
r-oldrel-macos-arm64 | 1.2-55 | 122.00 | OK | |||
r-oldrel-macos-x86_64 | 1.2-55 | 375.00 | NOTE | |||
r-oldrel-windows-x86_64 | 1.2-55 | 87.00 | 322.00 | 409.00 | OK |
Version: 1.2-55
Check: installed package size
Result: NOTE
installed size is 5.3Mb
sub-directories of 1Mb or more:
R 3.0Mb
external 1.2Mb
Flavor: r-oldrel-macos-x86_64
These binaries (installable software) and packages are in development.
They may not be fully stable and should be used with caution. We make no claims about them.