Last updated on 2025-10-23 15:50:11 CEST.
Flavor | Version | Tinstall | Tcheck | Ttotal | Status | Flags |
---|---|---|---|---|---|---|
r-devel-linux-x86_64-debian-clang | 1.2-59 | 69.44 | 309.02 | 378.46 | OK | |
r-devel-linux-x86_64-debian-gcc | 1.2-59 | 38.86 | 198.62 | 237.48 | OK | |
r-devel-linux-x86_64-fedora-clang | 1.2-59 | 150.00 | 453.69 | 603.69 | OK | |
r-devel-linux-x86_64-fedora-gcc | 1.2-59 | 201.00 | 408.85 | 609.85 | OK | |
r-devel-windows-x86_64 | 1.2-59 | 62.00 | 238.00 | 300.00 | OK | |
r-patched-linux-x86_64 | 1.2-59 | 67.12 | 301.26 | 368.38 | OK | |
r-release-linux-x86_64 | 1.2-59 | 58.22 | 292.92 | 351.14 | OK | |
r-release-macos-arm64 | 1.2-59 | 26.00 | 107.00 | 133.00 | OK | |
r-release-macos-x86_64 | 1.2-59 | 98.00 | 346.00 | 444.00 | OK | |
r-release-windows-x86_64 | 1.2-59 | 61.00 | 244.00 | 305.00 | OK | |
r-oldrel-macos-arm64 | 1.2-59 | 27.00 | 105.00 | 132.00 | NOTE | |
r-oldrel-macos-x86_64 | 1.2-59 | 89.00 | 350.00 | 439.00 | NOTE | |
r-oldrel-windows-x86_64 | 1.2-59 | 85.00 | 333.00 | 418.00 | OK |
Version: 1.2-59
Check: installed package size
Result: NOTE
installed size is 5.3Mb
sub-directories of 1Mb or more:
R 3.0Mb
external 1.2Mb
Flavors: r-oldrel-macos-arm64, r-oldrel-macos-x86_64
These binaries (installable software) and packages are in development.
They may not be fully stable and should be used with caution. We make no claims about them.