CRAN Package Check Results for Package sdprisk

Last updated on 2025-07-02 01:51:50 CEST.

Flavor Version Tinstall Tcheck Ttotal Status Flags
r-devel-linux-x86_64-debian-clang 1.1-6 4.11 28.53 32.64 NOTE
r-devel-linux-x86_64-debian-gcc 1.1-6 2.96 22.48 25.44 NOTE
r-devel-linux-x86_64-fedora-clang 1.1-6 51.62 OK
r-devel-linux-x86_64-fedora-gcc 1.1-6 47.79 OK
r-devel-windows-x86_64 1.1-6 8.00 49.00 57.00 OK
r-patched-linux-x86_64 OK
r-release-linux-x86_64 1.1-6 3.96 27.29 31.25 OK
r-release-macos-arm64 1.1-6 19.00 OK
r-release-macos-x86_64 1.1-6 36.00 OK
r-release-windows-x86_64 1.1-6 7.00 50.00 57.00 OK
r-oldrel-macos-arm64 1.1-6 20.00 OK
r-oldrel-macos-x86_64 1.1-6 31.00 OK
r-oldrel-windows-x86_64 1.1-6 7.00 55.00 62.00 OK

Check Details

Version: 1.1-6
Check: CRAN incoming feasibility
Result: NOTE Maintainer: ‘Benjamin Baumgartner <benjamin@baumgrt.com>’ Package CITATION file contains call(s) to old-style personList() or as.personList(). Please use c() on person objects instead. Package CITATION file contains call(s) to old-style citEntry(). Please use bibentry() instead. Flavors: r-devel-linux-x86_64-debian-clang, r-devel-linux-x86_64-debian-gcc

These binaries (installable software) and packages are in development.
They may not be fully stable and should be used with caution. We make no claims about them.