Last updated on 2025-10-24 13:49:49 CEST.
| Flavor | Version | Tinstall | Tcheck | Ttotal | Status | Flags |
|---|---|---|---|---|---|---|
| r-devel-linux-x86_64-debian-clang | 0.8.1 | 143.90 | 46.39 | 190.29 | OK | |
| r-devel-linux-x86_64-debian-gcc | 0.8.1 | 82.29 | 35.05 | 117.34 | OK | |
| r-devel-linux-x86_64-fedora-clang | 0.8.1 | 288.00 | 86.50 | 374.50 | OK | |
| r-devel-linux-x86_64-fedora-gcc | 0.8.1 | 298.00 | 30.03 | 328.03 | OK | |
| r-devel-windows-x86_64 | 0.8.1 | 169.00 | 84.00 | 253.00 | OK | |
| r-patched-linux-x86_64 | 0.8.1 | 142.61 | 42.99 | 185.60 | OK | |
| r-release-linux-x86_64 | 0.8.1 | 136.81 | 42.66 | 179.47 | OK | |
| r-release-macos-arm64 | 0.8.1 | 46.00 | 24.00 | 70.00 | OK | |
| r-release-macos-x86_64 | 0.8.1 | 48.00 | 46.00 | 94.00 | OK | |
| r-release-windows-x86_64 | 0.8.1 | 171.00 | 84.00 | 255.00 | OK | |
| r-oldrel-macos-arm64 | 0.8.1 | 47.00 | 30.00 | 77.00 | NOTE | |
| r-oldrel-macos-x86_64 | 0.8.1 | 44.00 | 50.00 | 94.00 | NOTE | |
| r-oldrel-windows-x86_64 | 0.8.1 | 195.00 | 107.00 | 302.00 | OK |
Version: 0.8.1
Check: installed package size
Result: NOTE
installed size is 6.8Mb
sub-directories of 1Mb or more:
libs 6.3Mb
Flavors: r-oldrel-macos-arm64, r-oldrel-macos-x86_64
These binaries (installable software) and packages are in development.
They may not be fully stable and should be used with caution. We make no claims about them.