CRAN Package Check Results for Package sdtm.oak

Last updated on 2025-10-23 11:50:27 CEST.

Flavor Version Tinstall Tcheck Ttotal Status Flags
r-devel-linux-x86_64-debian-clang 0.2.0 6.62 144.27 150.89 NOTE
r-devel-linux-x86_64-debian-gcc 0.2.0 3.82 100.30 104.12 OK
r-devel-linux-x86_64-fedora-clang 0.2.0 14.00 212.04 226.04 OK
r-devel-linux-x86_64-fedora-gcc 0.2.0 17.00 219.71 236.71 OK
r-devel-windows-x86_64 0.2.0 8.00 138.00 146.00 OK
r-patched-linux-x86_64 0.2.0 6.84 135.86 142.70 OK
r-release-linux-x86_64 0.2.0 5.89 135.05 140.94 OK
r-release-macos-arm64 0.2.0 3.00 72.00 75.00 OK
r-release-macos-x86_64 0.2.0 6.00 135.00 141.00 OK
r-release-windows-x86_64 0.2.0 10.00 140.00 150.00 OK
r-oldrel-macos-arm64 0.2.0 3.00 70.00 73.00 OK
r-oldrel-macos-x86_64 0.2.0 5.00 140.00 145.00 OK
r-oldrel-windows-x86_64 0.2.0 11.00 179.00 190.00 OK

Check Details

Version: 0.2.0
Check: HTML version of manual
Result: NOTE Found the following HTML validation problems: assert_dtc_fmt.html:48:1 (assert_dtc_fmt.Rd:10): Warning: missing </ul> before </div> ct_spec_vars.html:54:1 (ct_spec_vars.Rd:11): Warning: missing </ul> before </div> Flavor: r-devel-linux-x86_64-debian-clang

These binaries (installable software) and packages are in development.
They may not be fully stable and should be used with caution. We make no claims about them.