Last updated on 2025-02-19 17:51:04 CET.
Flavor | Version | Tinstall | Tcheck | Ttotal | Status | Flags |
---|---|---|---|---|---|---|
r-devel-linux-x86_64-debian-clang | 0.1.1 | 3.01 | 25.69 | 28.70 | OK | |
r-devel-linux-x86_64-debian-gcc | 0.1.1 | 2.49 | 19.18 | 21.67 | OK | |
r-devel-linux-x86_64-fedora-clang | 0.1.1 | 46.49 | OK | |||
r-devel-linux-x86_64-fedora-gcc | 0.1.1 | 43.48 | OK | |||
r-devel-macos-arm64 | 0.1.1 | 21.00 | OK | |||
r-devel-macos-x86_64 | 0.1.1 | 31.00 | OK | |||
r-devel-windows-x86_64 | 0.1.1 | 5.00 | 47.00 | 52.00 | OK | |
r-patched-linux-x86_64 | 0.1.1 | 3.11 | 23.84 | 26.95 | NOTE | |
r-release-linux-x86_64 | 0.1.1 | 3.24 | 23.03 | 26.27 | NOTE | |
r-release-macos-arm64 | 0.1.1 | 22.00 | NOTE | |||
r-release-macos-x86_64 | 0.1.1 | 30.00 | NOTE | |||
r-release-windows-x86_64 | 0.1.1 | 5.00 | 45.00 | 50.00 | NOTE | |
r-oldrel-macos-arm64 | 0.1.1 | 26.00 | NOTE | |||
r-oldrel-macos-x86_64 | 0.1.1 | 33.00 | NOTE | |||
r-oldrel-windows-x86_64 | 0.1.1 | 6.00 | 56.00 | 62.00 | NOTE |
Version: 0.1.1
Check: package dependencies
Result: NOTE
Packages suggested but not available for checking: 'MuSiC', 'seAMLessData'
Flavors: r-patched-linux-x86_64, r-release-linux-x86_64, r-release-macos-arm64, r-release-macos-x86_64, r-release-windows-x86_64, r-oldrel-macos-arm64, r-oldrel-macos-x86_64, r-oldrel-windows-x86_64
These binaries (installable software) and packages are in development.
They may not be fully stable and should be used with caution. We make no claims about them.