CRAN Package Check Results for Package seAMLess

Last updated on 2025-05-08 04:52:18 CEST.

Flavor Version Tinstall Tcheck Ttotal Status Flags
r-devel-linux-x86_64-debian-clang 0.1.1 3.32 27.32 30.64 OK
r-devel-linux-x86_64-debian-gcc 0.1.1 2.38 21.22 23.60 OK
r-devel-linux-x86_64-fedora-clang 0.1.1 49.60 OK
r-devel-linux-x86_64-fedora-gcc 0.1.1 45.01 OK
r-devel-windows-x86_64 0.1.1 5.00 46.00 51.00 OK
r-patched-linux-x86_64 0.1.1 3.13 25.20 28.33 OK
r-release-linux-x86_64 0.1.1 3.19 24.43 27.62 OK
r-release-macos-arm64 0.1.1 20.00 OK
r-release-macos-x86_64 0.1.1 30.00 OK
r-release-windows-x86_64 0.1.1 6.00 47.00 53.00 OK
r-oldrel-macos-arm64 0.1.1 22.00 NOTE
r-oldrel-macos-x86_64 0.1.1 30.00 NOTE
r-oldrel-windows-x86_64 0.1.1 6.00 53.00 59.00 NOTE

Check Details

Version: 0.1.1
Check: package dependencies
Result: NOTE Packages suggested but not available for checking: 'MuSiC', 'seAMLessData' Flavors: r-oldrel-macos-arm64, r-oldrel-macos-x86_64, r-oldrel-windows-x86_64

These binaries (installable software) and packages are in development.
They may not be fully stable and should be used with caution. We make no claims about them.