Last updated on 2025-02-16 08:51:00 CET.
Flavor | Version | Tinstall | Tcheck | Ttotal | Status | Flags |
---|---|---|---|---|---|---|
r-devel-linux-x86_64-debian-clang | 1.10.0 | 5.81 | 81.29 | 87.10 | NOTE | |
r-devel-linux-x86_64-debian-gcc | 1.10.0 | 4.00 | 57.29 | 61.29 | NOTE | |
r-devel-linux-x86_64-fedora-clang | 1.10.0 | 144.91 | NOTE | |||
r-devel-linux-x86_64-fedora-gcc | 1.10.0 | 144.01 | NOTE | |||
r-devel-macos-arm64 | 1.10.0 | 36.00 | OK | |||
r-devel-macos-x86_64 | 1.10.0 | 90.00 | NOTE | |||
r-devel-windows-x86_64 | 1.10.0 | 8.00 | 145.00 | 153.00 | NOTE | |
r-patched-linux-x86_64 | 1.10.0 | 6.71 | 75.17 | 81.88 | OK | |
r-release-linux-x86_64 | 1.10.0 | 6.09 | 75.57 | 81.66 | OK | |
r-release-macos-arm64 | 1.10.0 | 43.00 | OK | |||
r-release-macos-x86_64 | 1.10.0 | 122.00 | OK | |||
r-release-windows-x86_64 | 1.10.0 | 9.00 | 146.00 | 155.00 | OK | |
r-oldrel-macos-arm64 | 1.10.0 | 43.00 | OK | |||
r-oldrel-macos-x86_64 | 1.10.0 | 105.00 | OK | |||
r-oldrel-windows-x86_64 | 1.10.0 | 8.00 | 147.00 | 155.00 | OK |
Version: 1.10.0
Check: DESCRIPTION meta-information
Result: NOTE
Missing dependency on R >= 4.1.0 because package code uses the pipe
|> or function shorthand \(...) syntax added in R 4.1.0.
File(s) using such syntax:
‘series.R’
Flavors: r-devel-linux-x86_64-debian-clang, r-devel-linux-x86_64-debian-gcc, r-devel-linux-x86_64-fedora-clang, r-devel-linux-x86_64-fedora-gcc, r-devel-macos-x86_64, r-devel-windows-x86_64
These binaries (installable software) and packages are in development.
They may not be fully stable and should be used with caution. We make no claims about them.