CRAN Package Check Results for Package secr

Last updated on 2025-05-08 04:52:18 CEST.

Flavor Version Tinstall Tcheck Ttotal Status Flags
r-devel-linux-x86_64-debian-clang 5.2.1 377.83 545.36 923.19 OK
r-devel-linux-x86_64-debian-gcc 5.2.1 355.88 484.48 840.36 OK
r-devel-linux-x86_64-fedora-clang 5.2.1 1667.72 OK
r-devel-linux-x86_64-fedora-gcc 5.2.1 1928.82 OK
r-devel-windows-x86_64 5.2.1 616.00 712.00 1328.00 OK
r-patched-linux-x86_64 5.2.1 512.69 688.58 1201.27 OK
r-release-linux-x86_64 5.2.1 502.11 686.78 1188.89 OK
r-release-macos-arm64 5.2.1 385.00 OK
r-release-macos-x86_64 5.2.1 706.00 OK
r-release-windows-x86_64 5.2.1 624.00 726.00 1350.00 OK
r-oldrel-macos-arm64 5.2.1 309.00 NOTE
r-oldrel-macos-x86_64 5.2.1 492.00 NOTE
r-oldrel-windows-x86_64 5.2.1 730.00 906.00 1636.00 NOTE

Check Details

Version: 5.2.1
Check: installed package size
Result: NOTE installed size is 20.1Mb sub-directories of 1Mb or more: R 2.1Mb libs 16.2Mb Flavors: r-oldrel-macos-arm64, r-oldrel-macos-x86_64, r-oldrel-windows-x86_64

Version: 5.2.1
Check: for GNU extensions in Makefiles
Result: NOTE GNU make is a SystemRequirements. Flavors: r-oldrel-macos-arm64, r-oldrel-macos-x86_64, r-oldrel-windows-x86_64

These binaries (installable software) and packages are in development.
They may not be fully stable and should be used with caution. We make no claims about them.