CRAN Package Check Results for Package secret

Last updated on 2025-02-16 08:51:00 CET.

Flavor Version Tinstall Tcheck Ttotal Status Flags
r-devel-linux-x86_64-debian-clang 1.1.0 2.50 28.06 30.56 OK
r-devel-linux-x86_64-debian-gcc 1.1.0 1.79 22.23 24.02 OK
r-devel-linux-x86_64-fedora-clang 1.1.0 55.16 OK
r-devel-linux-x86_64-fedora-gcc 1.1.0 60.49 OK
r-devel-macos-arm64 1.1.0 27.00 OK
r-devel-macos-x86_64 1.1.0 50.00 OK
r-devel-windows-x86_64 1.1.0 4.00 57.00 61.00 OK
r-patched-linux-x86_64 1.1.0 2.63 27.16 29.79 NOTE
r-release-linux-x86_64 1.1.0 2.52 27.27 29.79 NOTE
r-release-macos-arm64 1.1.0 25.00 NOTE
r-release-macos-x86_64 1.1.0 37.00 NOTE
r-release-windows-x86_64 1.1.0 4.00 54.00 58.00 NOTE
r-oldrel-macos-arm64 1.1.0 26.00 NOTE
r-oldrel-macos-x86_64 1.1.0 51.00 NOTE
r-oldrel-windows-x86_64 1.1.0 5.00 59.00 64.00 NOTE

Check Details

Version: 1.1.0
Check: LazyData
Result: NOTE 'LazyData' is specified without a 'data' directory Flavors: r-patched-linux-x86_64, r-release-linux-x86_64, r-release-macos-arm64, r-release-macos-x86_64, r-release-windows-x86_64, r-oldrel-macos-arm64, r-oldrel-macos-x86_64, r-oldrel-windows-x86_64

These binaries (installable software) and packages are in development.
They may not be fully stable and should be used with caution. We make no claims about them.